Last updated on 2025-10-16 01:50:17 CEST.
Flavor | Version | Tinstall | Tcheck | Ttotal | Status | Flags |
---|---|---|---|---|---|---|
r-devel-linux-x86_64-debian-clang | 1.0 | 4.91 | 47.66 | 52.57 | OK | |
r-devel-linux-x86_64-debian-gcc | 1.0 | 3.67 | 35.06 | 38.73 | OK | |
r-devel-linux-x86_64-fedora-clang | 1.0 | 85.53 | NOTE | |||
r-devel-linux-x86_64-fedora-gcc | 1.0 | 88.20 | NOTE | |||
r-devel-windows-x86_64 | 1.0 | 8.00 | 62.00 | 70.00 | OK | |
r-patched-linux-x86_64 | 1.0 | 5.69 | 42.31 | 48.00 | OK | |
r-release-linux-x86_64 | 1.0 | 4.59 | 42.87 | 47.46 | OK | |
r-release-macos-arm64 | 1.0 | 33.00 | OK | |||
r-release-macos-x86_64 | 1.0 | 57.00 | OK | |||
r-release-windows-x86_64 | 1.0 | 9.00 | 64.00 | 73.00 | OK | |
r-oldrel-macos-arm64 | 1.0 | 32.00 | OK | |||
r-oldrel-macos-x86_64 | 1.0 | 70.00 | OK | |||
r-oldrel-windows-x86_64 | 1.0 | 9.00 | 74.00 | 83.00 | OK |
Version: 1.0
Check: dependencies in R code
Result: NOTE
Namespace in Imports field not imported from: ‘gt’
All declared Imports should be used.
Flavors: r-devel-linux-x86_64-fedora-clang, r-devel-linux-x86_64-fedora-gcc