Last updated on 2024-03-29 01:51:10 CET.
Flavor | Version | Tinstall | Tcheck | Ttotal | Status | Flags |
---|---|---|---|---|---|---|
r-devel-linux-x86_64-debian-clang | 0.15.0 | 18.84 | 326.94 | 345.78 | OK | |
r-devel-linux-x86_64-debian-gcc | 0.15.0 | 12.64 | 244.47 | 257.11 | OK | |
r-devel-linux-x86_64-fedora-clang | 0.15.0 | 423.13 | NOTE | |||
r-devel-linux-x86_64-fedora-gcc | 0.15.0 | 424.91 | OK | |||
r-devel-windows-x86_64 | 0.15.0 | 17.00 | 269.00 | 286.00 | OK | |
r-patched-linux-x86_64 | 0.15.0 | 19.74 | 332.81 | 352.55 | OK | |
r-release-linux-x86_64 | 0.15.0 | 15.22 | 330.36 | 345.58 | OK | |
r-release-macos-arm64 | 0.15.0 | 111.00 | OK | |||
r-release-macos-x86_64 | 0.15.0 | 284.00 | OK | |||
r-release-windows-x86_64 | 0.15.0 | 22.00 | 347.00 | 369.00 | OK | |
r-oldrel-macos-arm64 | 0.15.0 | 126.00 | OK | |||
r-oldrel-windows-x86_64 | 0.15.0 | 23.00 | 344.00 | 367.00 | OK |
Version: 0.15.0
Check: Rd cross-references
Result: NOTE
Undeclared package ‘rlang’ in Rd xrefs
Flavor: r-devel-linux-x86_64-fedora-clang