Last updated on 2024-04-23 01:57:05 CEST.
Flavor | Version | Tinstall | Tcheck | Ttotal | Status | Flags |
---|---|---|---|---|---|---|
r-devel-linux-x86_64-debian-clang | 7.0-0 | 59.03 | 453.59 | 512.62 | OK | |
r-devel-linux-x86_64-debian-gcc | 7.0-0 | 60.62 | 322.15 | 382.77 | OK | |
r-devel-linux-x86_64-fedora-clang | 7.0-0 | 658.47 | NOTE | |||
r-devel-linux-x86_64-fedora-gcc | 7.0-0 | 626.66 | OK | |||
r-prerel-macos-arm64 | 7.0-0 | 154.00 | OK | |||
r-prerel-windows-x86_64 | 7.0-0 | 54.00 | 325.00 | 379.00 | OK | |
r-patched-linux-x86_64 | 7.0-0 | 77.24 | 420.06 | 497.30 | OK | |
r-release-linux-x86_64 | 7.0-0 | 70.00 | 429.03 | 499.03 | OK | |
r-release-macos-arm64 | 7.0-0 | 154.00 | OK | |||
r-release-macos-x86_64 | 7.0-0 | 355.00 | OK | |||
r-release-windows-x86_64 | 7.0-0 | 81.00 | 428.00 | 509.00 | OK | |
r-oldrel-macos-arm64 | 7.0-0 | 144.00 | OK | |||
r-oldrel-windows-x86_64 | 7.0-0 | 81.00 | 394.00 | 475.00 | OK |
Version: 7.0-0
Check: Rd cross-references
Result: NOTE
Undeclared packages ‘netmeta’, ‘metasens’, ‘robumeta’ in Rd xrefs
Flavor: r-devel-linux-x86_64-fedora-clang