Last updated on 2024-04-20 01:50:02 CEST.
Flavor | Version | Tinstall | Tcheck | Ttotal | Status | Flags |
---|---|---|---|---|---|---|
r-devel-linux-x86_64-debian-clang | 1.0.7 | 2.52 | 40.13 | 42.65 | NOTE | |
r-devel-linux-x86_64-debian-gcc | 1.0.7 | NOTE | ||||
r-devel-linux-x86_64-fedora-clang | 1.0.7 | 134.81 | NOTE | |||
r-devel-linux-x86_64-fedora-gcc | 1.0.7 | 141.66 | NOTE | |||
r-prerel-macos-arm64 | 1.0.7 | 43.00 | NOTE | |||
r-prerel-windows-x86_64 | 1.0.7 | 3.00 | 46.00 | 49.00 | NOTE | --no-vignettes |
r-patched-linux-x86_64 | 1.0.7 | 2.25 | 98.86 | 101.11 | NOTE | |
r-release-linux-x86_64 | 1.0.7 | 2.12 | 97.48 | 99.60 | OK | |
r-release-macos-arm64 | 1.0.7 | 65.00 | OK | |||
r-release-macos-x86_64 | 1.0.7 | 123.00 | OK | |||
r-release-windows-x86_64 | 1.0.7 | 3.00 | 46.00 | 49.00 | OK | --no-vignettes |
r-oldrel-macos-arm64 | 1.0.7 | 57.00 | OK | |||
r-oldrel-windows-x86_64 | 1.0.7 | 4.00 | 51.00 | 55.00 | OK | --no-vignettes |
Version: 1.0.7
Check: package dependencies
Result: NOTE
Package suggested but not available for checking: ‘DESeq2’
Flavor: r-devel-linux-x86_64-debian-clang
Version: 1.0.7
Check: Rd files
Result: NOTE
checkRd: (-1) param.Rd:29: Lost braces
29 | T. Strub, S. Giuliano, T. Ye, et al. (2011) Essential role of microphthalmia transcription factor for DNA replication, mitosis and genomic stability in melanoma. emph{Oncogene} \bold{30}:2319-32.
| ^
Flavors: r-devel-linux-x86_64-debian-clang, r-devel-linux-x86_64-debian-gcc, r-devel-linux-x86_64-fedora-clang, r-devel-linux-x86_64-fedora-gcc, r-prerel-macos-arm64, r-patched-linux-x86_64
Version: 1.0.7
Flags: --no-vignettes
Check: Rd files
Result: NOTE
checkRd: (-1) param.Rd:29: Lost braces
29 | T. Strub, S. Giuliano, T. Ye, et al. (2011) Essential role of microphthalmia transcription factor for DNA replication, mitosis and genomic stability in melanoma. emph{Oncogene} \bold{30}:2319-32.
| ^
Flavor: r-prerel-windows-x86_64