Last updated on 2024-04-27 01:52:18 CEST.
Flavor | Version | Tinstall | Tcheck | Ttotal | Status | Flags |
---|---|---|---|---|---|---|
r-devel-linux-x86_64-debian-clang | 0.1.2 | 14.19 | 110.96 | 125.15 | OK | |
r-devel-linux-x86_64-debian-gcc | 0.1.2 | 10.43 | 79.60 | 90.03 | OK | |
r-devel-linux-x86_64-fedora-clang | 0.1.2 | 158.25 | NOTE | |||
r-devel-linux-x86_64-fedora-gcc | 0.1.2 | 153.17 | NOTE | |||
r-devel-windows-x86_64 | 0.1.2 | 12.00 | 95.00 | 107.00 | OK | |
r-patched-linux-x86_64 | 0.1.2 | 13.15 | 103.84 | 116.99 | OK | |
r-release-linux-x86_64 | 0.1.2 | 13.58 | 104.30 | 117.88 | OK | |
r-release-macos-arm64 | 0.1.2 | 48.00 | OK | |||
r-release-windows-x86_64 | 0.1.2 | 12.00 | 95.00 | 107.00 | OK | |
r-oldrel-macos-arm64 | 0.1.2 | 47.00 | OK | |||
r-oldrel-macos-x86_64 | 0.1.2 | 86.00 | OK | |||
r-oldrel-windows-x86_64 | 0.1.2 | 17.00 | 112.00 | 129.00 | OK |
Version: 0.1.2
Check: data for non-ASCII characters
Result: NOTE
Note: found 37 marked UTF-8 strings
Flavors: r-devel-linux-x86_64-fedora-clang, r-devel-linux-x86_64-fedora-gcc