Last updated on 2024-04-20 01:50:02 CEST.
Flavor | Version | Tinstall | Tcheck | Ttotal | Status | Flags |
---|---|---|---|---|---|---|
r-devel-linux-x86_64-debian-clang | 0.3.7 | 47.07 | 211.44 | 258.51 | NOTE | |
r-devel-linux-x86_64-debian-gcc | 0.3.7 | OK | ||||
r-devel-linux-x86_64-fedora-clang | 0.3.7 | 354.48 | NOTE | |||
r-devel-linux-x86_64-fedora-gcc | 0.3.7 | 354.47 | NOTE | |||
r-prerel-macos-arm64 | 0.3.7 | 91.00 | OK | |||
r-prerel-macos-x86_64 | 0.3.7 | 181.00 | OK | |||
r-prerel-windows-x86_64 | 0.3.7 | 43.00 | 214.00 | 257.00 | OK | |
r-patched-linux-x86_64 | 0.3.7 | 60.37 | 199.26 | 259.63 | OK | |
r-release-linux-x86_64 | 0.3.7 | 43.71 | 197.27 | 240.98 | OK | |
r-release-macos-arm64 | 0.3.7 | 103.00 | NOTE | |||
r-release-macos-x86_64 | 0.3.7 | 182.00 | NOTE | |||
r-release-windows-x86_64 | 0.3.7 | 55.00 | 270.00 | 325.00 | OK | |
r-oldrel-macos-arm64 | 0.3.7 | 91.00 | OK | |||
r-oldrel-windows-x86_64 | 0.3.7 | 53.00 | 219.00 | 272.00 | OK |
Version: 0.3.7
Check: package dependencies
Result: NOTE
Packages suggested but not available for checking: 'phyloseq', 'DESeq2'
Flavor: r-devel-linux-x86_64-debian-clang
Version: 0.3.7
Check: Rd cross-references
Result: NOTE
Unknown package ‘DESeq2’ in Rd xrefs
Flavor: r-devel-linux-x86_64-debian-clang
Version: 0.3.7
Check: dependencies in R code
Result: NOTE
Namespace in Imports field not imported from: ‘R6’
All declared Imports should be used.
Flavors: r-devel-linux-x86_64-fedora-clang, r-devel-linux-x86_64-fedora-gcc
Version: 0.3.7
Check: package dependencies
Result: NOTE
Packages suggested but not available for checking: 'phyloseq', 'biomformat'
Flavors: r-release-macos-arm64, r-release-macos-x86_64