CRAN Package Check Results for Package metadat

Last updated on 2022-08-20 01:50:02 CEST.

Flavor Version Tinstall Tcheck Ttotal Status Flags
r-devel-linux-x86_64-debian-clang 1.2-0 3.85 55.04 58.89 OK
r-devel-linux-x86_64-debian-gcc 1.2-0 3.54 42.91 46.45 OK
r-devel-linux-x86_64-fedora-clang 1.2-0 85.64 OK
r-devel-linux-x86_64-fedora-gcc 1.2-0 85.31 OK
r-devel-windows-x86_64 1.2-0 38.00 114.00 152.00 OK
r-patched-linux-x86_64 1.2-0 7.72 47.99 55.71 OK
r-release-linux-x86_64 1.2-0 OK
r-release-macos-arm64 1.2-0 22.00 OK
r-release-macos-x86_64 1.2-0 42.00 OK
r-release-windows-x86_64 1.2-0 65.00 103.00 168.00 OK
r-oldrel-macos-arm64 1.2-0 20.00 OK
r-oldrel-macos-x86_64 1.2-0 34.00 OK
r-oldrel-windows-ix86+x86_64 1.2-0 11.00 92.00 103.00 ERROR

Check Details

Version: 1.2-0
Check: PDF version of manual
Result: WARN
    LaTeX errors when creating PDF version.
    This typically indicates Rd problems.
    LaTeX errors found:
    ! Package inputenc Error: Unicode char รข<c2><80><c2><90> (U+2010)
    (inputenc) not set up for use with LaTeX.
    
    See the inputenc package documentation for explanation.
    Type H <return> for immediate help.
Flavor: r-oldrel-windows-ix86+x86_64

Version: 1.2-0
Check: PDF version of manual without hyperrefs or index
Result: ERROR
Flavor: r-oldrel-windows-ix86+x86_64