CRAN Package Check Results for Package metagam

Last updated on 2020-08-13 19:49:24 CEST.

Flavor Version Tinstall Tcheck Ttotal Status Flags
r-devel-linux-x86_64-debian-clang 0.1.2 0.55 2.53 3.08 ERROR
r-devel-linux-x86_64-debian-gcc 0.1.2 6.61 141.83 148.44 OK
r-devel-linux-x86_64-fedora-clang 0.1.2 224.92 OK
r-devel-linux-x86_64-fedora-gcc 0.1.2 215.22 OK
r-devel-windows-ix86+x86_64 0.1.2 27.00 211.00 238.00 OK
r-patched-linux-x86_64 0.1.2 7.20 179.36 186.56 OK
r-patched-solaris-x86 0.1.2 312.90 OK
r-release-linux-x86_64 0.1.2 7.88 177.52 185.40 OK
r-release-macos-x86_64 0.1.2 OK
r-release-windows-ix86+x86_64 0.1.2 30.00 243.00 273.00 OK
r-oldrel-macos-x86_64 0.1.2 OK
r-oldrel-windows-ix86+x86_64 0.1.2 17.00 183.00 200.00 OK

Check Details

Version: 0.1.2
Check: package dependencies
Result: ERROR
    Package required but not available: 'tidyr'
    
    Package suggested but not available for checking: 'gratia'
    
    See section 'The DESCRIPTION file' in the 'Writing R Extensions'
    manual.
Flavor: r-devel-linux-x86_64-debian-clang