Last updated on 2025-07-24 02:52:17 CEST.
Flavor | Version | Tinstall | Tcheck | Ttotal | Status | Flags |
---|---|---|---|---|---|---|
r-devel-linux-x86_64-debian-clang | 0.3.0 | 1.76 | 28.84 | 30.60 | NOTE | |
r-devel-linux-x86_64-debian-gcc | 0.3.0 | 1.72 | 23.73 | 25.45 | NOTE | |
r-devel-linux-x86_64-fedora-clang | 0.3.0 | 48.34 | OK | |||
r-devel-linux-x86_64-fedora-gcc | 0.3.0 | 59.62 | OK | |||
r-devel-windows-x86_64 | 0.3.0 | 5.00 | 49.00 | 54.00 | OK | |
r-patched-linux-x86_64 | 0.3.0 | 2.58 | 27.04 | 29.62 | OK | |
r-release-linux-x86_64 | 0.3.0 | 2.01 | 27.80 | 29.81 | OK | |
r-release-macos-arm64 | 0.3.0 | 86.00 | OK | |||
r-release-macos-x86_64 | 0.3.0 | 47.00 | OK | |||
r-release-windows-x86_64 | 0.3.0 | 5.00 | 50.00 | 55.00 | OK | |
r-oldrel-macos-arm64 | 0.3.0 | 24.00 | OK | |||
r-oldrel-macos-x86_64 | 0.3.0 | 36.00 | OK | |||
r-oldrel-windows-x86_64 | 0.3.0 | 6.00 | 55.00 | 61.00 | OK |
Version: 0.3.0
Check: CRAN incoming feasibility
Result: NOTE
Maintainer: ‘Ville Satopää <ville.satopaa@gmail.com>’
Package CITATION file contains call(s) to old-style personList() or
as.personList(). Please use c() on person objects instead.
Package CITATION file contains call(s) to old-style citEntry(). Please
use bibentry() instead.
Flavors: r-devel-linux-x86_64-debian-clang, r-devel-linux-x86_64-debian-gcc