Last updated on 2024-05-05 01:55:23 CEST.
Flavor | Version | Tinstall | Tcheck | Ttotal | Status | Flags |
---|---|---|---|---|---|---|
r-devel-linux-x86_64-debian-clang | 0.2.3 | 11.93 | 121.55 | 133.48 | OK | |
r-devel-linux-x86_64-debian-gcc | 0.2.3 | 10.70 | 89.81 | 100.51 | OK | |
r-devel-linux-x86_64-fedora-clang | 0.2.3 | 162.13 | NOTE | |||
r-devel-linux-x86_64-fedora-gcc | 0.2.3 | 169.24 | NOTE | |||
r-devel-windows-x86_64 | 0.2.3 | 12.00 | 102.00 | 114.00 | OK | |
r-patched-linux-x86_64 | 0.2.3 | 11.78 | 115.51 | 127.29 | OK | |
r-release-linux-x86_64 | 0.2.3 | 7.25 | 115.81 | 123.06 | OK | |
r-release-macos-arm64 | 0.2.3 | 59.00 | OK | |||
r-release-windows-x86_64 | 0.2.3 | 11.00 | 99.00 | 110.00 | OK | |
r-oldrel-macos-arm64 | 0.2.3 | 59.00 | OK | |||
r-oldrel-macos-x86_64 | 0.2.3 | 90.00 | OK | |||
r-oldrel-windows-x86_64 | 0.2.3 | 14.00 | 115.00 | 129.00 | OK |
Version: 0.2.3
Check: package dependencies
Result: NOTE
Suggests orphaned package: ‘udunits2’
Flavors: r-devel-linux-x86_64-fedora-clang, r-devel-linux-x86_64-fedora-gcc