CRAN Package Check Results for Package metamer

Last updated on 2025-05-09 01:50:10 CEST.

Flavor Version Tinstall Tcheck Ttotal Status Flags
r-devel-linux-x86_64-debian-clang 0.3.0 3.02 31.60 34.62 OK
r-devel-linux-x86_64-debian-gcc 0.3.0 2.27 25.16 27.43 OK
r-devel-linux-x86_64-fedora-clang 0.3.0 57.58 NOTE
r-devel-linux-x86_64-fedora-gcc 0.3.0 54.62 NOTE
r-devel-windows-x86_64 0.3.0 4.00 52.00 56.00 OK
r-patched-linux-x86_64 0.3.0 3.53 29.68 33.21 OK
r-release-linux-x86_64 0.3.0 2.74 29.87 32.61 OK
r-release-macos-arm64 0.3.0 24.00 OK
r-release-macos-x86_64 0.3.0 39.00 OK
r-release-windows-x86_64 0.3.0 4.00 54.00 58.00 OK
r-oldrel-macos-arm64 0.3.0 22.00 OK
r-oldrel-macos-x86_64 0.3.0 31.00 OK
r-oldrel-windows-x86_64 0.3.0 5.00 59.00 64.00 OK

Check Details

Version: 0.3.0
Check: dependencies in R code
Result: NOTE Namespace in Imports field not imported from: ‘progress’ All declared Imports should be used. Flavors: r-devel-linux-x86_64-fedora-clang, r-devel-linux-x86_64-fedora-gcc