Last updated on 2024-08-16 01:48:23 CEST.
Flavor | Version | Tinstall | Tcheck | Ttotal | Status | Flags |
---|---|---|---|---|---|---|
r-devel-linux-x86_64-debian-clang | 1.2 | 12.25 | 151.29 | 163.54 | OK | |
r-devel-linux-x86_64-debian-gcc | 1.2 | 8.42 | 106.95 | 115.37 | OK | |
r-devel-linux-x86_64-fedora-clang | 1.2 | 268.36 | NOTE | |||
r-devel-linux-x86_64-fedora-gcc | 1.2 | 262.90 | NOTE | |||
r-devel-windows-x86_64 | 1.2 | 15.00 | 153.00 | 168.00 | OK | |
r-patched-linux-x86_64 | 1.2 | 12.01 | 144.85 | 156.86 | OK | |
r-release-linux-x86_64 | 1.2 | 12.36 | 141.82 | 154.18 | OK | |
r-release-macos-arm64 | 1.2 | 76.00 | OK | |||
r-release-macos-x86_64 | 1.2 | 112.00 | OK | |||
r-release-windows-x86_64 | 1.2 | 14.00 | 156.00 | 170.00 | OK | |
r-oldrel-macos-arm64 | 1.2 | 90.00 | OK | |||
r-oldrel-macos-x86_64 | 1.2 | 125.00 | NOTE | |||
r-oldrel-windows-x86_64 | 1.2 | 17.00 | 190.00 | 207.00 | OK |
Version: 1.2
Check: dependencies in R code
Result: NOTE
Namespace in Imports field not imported from: ‘lmerTest’
All declared Imports should be used.
Flavors: r-devel-linux-x86_64-fedora-clang, r-devel-linux-x86_64-fedora-gcc
Version: 1.2
Check: package dependencies
Result: NOTE
Package suggested but not available for checking: ‘caret’
Flavor: r-oldrel-macos-x86_64