Last updated on 2024-04-19 01:58:49 CEST.
Flavor | Version | Tinstall | Tcheck | Ttotal | Status | Flags |
---|---|---|---|---|---|---|
r-devel-linux-x86_64-debian-clang | 1.2.2 | 13.72 | 79.93 | 93.65 | OK | |
r-devel-linux-x86_64-debian-gcc | 1.2.2 | 7.93 | 59.19 | 67.12 | OK | |
r-devel-linux-x86_64-fedora-clang | 1.2.2 | 114.72 | NOTE | |||
r-devel-linux-x86_64-fedora-gcc | 1.2.2 | 109.36 | NOTE | |||
r-prerel-macos-arm64 | 1.2.2 | 33.00 | OK | |||
r-prerel-windows-x86_64 | 1.2.2 | 12.00 | 76.00 | 88.00 | OK | |
r-patched-linux-x86_64 | 1.2.2 | 7.79 | 76.21 | 84.00 | OK | |
r-release-linux-x86_64 | 1.2.2 | 7.03 | 75.71 | 82.74 | OK | |
r-release-macos-arm64 | 1.2.2 | 36.00 | OK | |||
r-release-macos-x86_64 | 1.2.2 | 56.00 | OK | |||
r-release-windows-x86_64 | 1.2.2 | 14.00 | 88.00 | 102.00 | OK | |
r-oldrel-macos-arm64 | 1.2.2 | 32.00 | NOTE | |||
r-oldrel-windows-x86_64 | 1.2.2 | 15.00 | 90.00 | 105.00 | OK |
Version: 1.2.2
Check: dependencies in R code
Result: NOTE
Namespaces in Imports field not imported from:
‘ade4’ ‘dendextend’ ‘ggforce’ ‘ggrepel’ ‘stringr’ ‘tidyverse’
All declared Imports should be used.
Flavors: r-devel-linux-x86_64-fedora-clang, r-devel-linux-x86_64-fedora-gcc, r-oldrel-macos-arm64