Last updated on 2024-08-16 01:48:23 CEST.
Flavor | Version | Tinstall | Tcheck | Ttotal | Status | Flags |
---|---|---|---|---|---|---|
r-devel-linux-x86_64-debian-clang | 1.5-2 | 13.34 | 112.59 | 125.93 | NOTE | |
r-devel-linux-x86_64-debian-gcc | 1.5-2 | 11.09 | 78.37 | 89.46 | NOTE | |
r-devel-linux-x86_64-fedora-clang | 1.5-2 | 204.47 | OK | |||
r-devel-linux-x86_64-fedora-gcc | 1.5-2 | 191.46 | OK | |||
r-devel-windows-x86_64 | 1.5-2 | 15.00 | 115.00 | 130.00 | NOTE | |
r-patched-linux-x86_64 | 1.5-2 | 18.99 | 106.93 | 125.92 | OK | |
r-release-linux-x86_64 | 1.5-2 | 12.96 | 105.86 | 118.82 | OK | |
r-release-macos-arm64 | 1.5-2 | 53.00 | OK | |||
r-release-macos-x86_64 | 1.5-2 | 77.00 | OK | |||
r-release-windows-x86_64 | 1.5-2 | 15.00 | 115.00 | 130.00 | OK | |
r-oldrel-macos-arm64 | 1.5-2 | 52.00 | OK | |||
r-oldrel-macos-x86_64 | 1.5-2 | 82.00 | OK | |||
r-oldrel-windows-x86_64 | 1.5-2 | 20.00 | 143.00 | 163.00 | OK |
Version: 1.5-2
Check: Rd cross-references
Result: NOTE
Found the following Rd file(s) with Rd \link{} targets missing package
anchors:
doiplot.Rd: metabias, funnel.meta
forest.orbbound.Rd: forest.meta
funnel.limitmeta.Rd: funnel.meta
lfkindex.Rd: metabias, funnel.meta
Please provide package anchors for all Rd \link{} targets not in the
package itself and the base packages.
Flavors: r-devel-linux-x86_64-debian-clang, r-devel-linux-x86_64-debian-gcc, r-devel-windows-x86_64