Last updated on 2024-04-24 01:52:16 CEST.
Flavor | Version | Tinstall | Tcheck | Ttotal | Status | Flags |
---|---|---|---|---|---|---|
r-devel-linux-x86_64-debian-clang | 2.2.1 | 109.12 | 539.93 | 649.05 | OK | |
r-devel-linux-x86_64-debian-gcc | 2.2.1 | 72.73 | 416.99 | 489.72 | OK | |
r-devel-linux-x86_64-fedora-clang | 2.2.1 | 809.30 | NOTE | |||
r-devel-linux-x86_64-fedora-gcc | 2.2.1 | 827.50 | NOTE | |||
r-prerel-macos-arm64 | 2.2.1 | 187.00 | OK | |||
r-prerel-windows-x86_64 | 2.2.1 | 78.00 | 390.00 | 468.00 | OK | |
r-patched-linux-x86_64 | 2.2.1 | 73.14 | 536.66 | 609.80 | OK | |
r-release-linux-x86_64 | 2.2.1 | 68.85 | 540.28 | 609.13 | OK | |
r-release-macos-arm64 | 2.2.1 | 179.00 | OK | |||
r-release-macos-x86_64 | 2.2.1 | 560.00 | OK | |||
r-release-windows-x86_64 | 2.2.1 | 102.00 | 436.00 | 538.00 | OK | |
r-oldrel-macos-arm64 | 2.2.1 | 191.00 | OK | |||
r-oldrel-windows-x86_64 | 2.2.1 | 96.00 | 447.00 | 543.00 | OK |
Version: 2.2.1
Check: data for non-ASCII characters
Result: NOTE
Note: found 3300 marked UTF-8 strings
Flavors: r-devel-linux-x86_64-fedora-clang, r-devel-linux-x86_64-fedora-gcc