CRAN Package Check Results for Package mgcViz

Last updated on 2020-07-13 23:49:39 CEST.

Flavor Version Tinstall Tcheck Ttotal Status Flags
r-devel-linux-x86_64-debian-clang 0.1.6 19.02 319.68 338.70 OK
r-devel-linux-x86_64-debian-gcc 0.1.6 16.00 239.31 255.31 OK
r-devel-linux-x86_64-fedora-clang 0.1.6 398.86 NOTE
r-devel-linux-x86_64-fedora-gcc 0.1.6 422.11 OK
r-devel-windows-ix86+x86_64 0.1.6 43.00 560.00 603.00 NOTE
r-patched-linux-x86_64 0.1.6 21.25 304.02 325.27 OK
r-patched-solaris-x86 0.1.6 524.20 NOTE
r-release-linux-x86_64 0.1.6 19.40 304.28 323.68 OK
r-release-macos-x86_64 0.1.6 ERROR
r-release-windows-ix86+x86_64 0.1.6 61.00 421.00 482.00 NOTE
r-oldrel-macos-x86_64 0.1.6 WARN
r-oldrel-windows-ix86+x86_64 0.1.6 50.00 391.00 441.00 NOTE

Check Details

Version: 0.1.6
Check: installed package size
Result: NOTE
     installed size is 5.1Mb
     sub-directories of 1Mb or more:
     doc 4.4Mb
Flavors: r-devel-linux-x86_64-fedora-clang, r-devel-windows-ix86+x86_64, r-patched-solaris-x86, r-release-windows-ix86+x86_64, r-oldrel-macos-x86_64, r-oldrel-windows-ix86+x86_64

Version: 0.1.6
Check: whether package can be installed
Result: ERROR
    Installation failed.
Flavor: r-release-macos-x86_64

Version: 0.1.6
Check: whether package can be installed
Result: WARN
    Found the following significant warnings:
     Warning: 'rgl.init' failed, running with 'rgl.useNULL = TRUE'.
Flavor: r-oldrel-macos-x86_64