Last updated on 2024-08-16 01:48:23 CEST.
Flavor | Version | Tinstall | Tcheck | Ttotal | Status | Flags |
---|---|---|---|---|---|---|
r-devel-linux-x86_64-debian-clang | 1.1 | 2.08 | 48.56 | 50.64 | OK | |
r-devel-linux-x86_64-debian-gcc | 1.1 | 2.19 | 36.53 | 38.72 | OK | |
r-devel-linux-x86_64-fedora-clang | 1.1 | 85.23 | OK | |||
r-devel-linux-x86_64-fedora-gcc | 1.1 | 92.72 | OK | |||
r-devel-windows-x86_64 | 1.1 | 6.00 | 78.00 | 84.00 | OK | |
r-patched-linux-x86_64 | 1.1 | 2.73 | 47.75 | 50.48 | OK | |
r-release-linux-x86_64 | 1.1 | 3.39 | 47.09 | 50.48 | OK | |
r-release-macos-arm64 | 1.1 | 37.00 | OK | |||
r-release-macos-x86_64 | 1.1 | 52.00 | OK | |||
r-release-windows-x86_64 | 1.1 | 6.00 | 77.00 | 83.00 | OK | |
r-oldrel-macos-arm64 | 1.1 | 40.00 | NOTE | |||
r-oldrel-macos-x86_64 | 1.1 | 55.00 | NOTE | |||
r-oldrel-windows-x86_64 | 1.1 | 7.00 | 96.00 | 103.00 | OK |
Version: 1.1
Check: package dependencies
Result: NOTE
Packages suggested but not available for checking: 'DAPAR', 'ProteoMM'
Flavors: r-oldrel-macos-arm64, r-oldrel-macos-x86_64