CRAN Package Check Results for Package miWQS

Last updated on 2022-01-29 01:49:42 CET.

Flavor Version Tinstall Tcheck Ttotal Status Flags
r-devel-linux-x86_64-debian-clang 0.4.4 17.25 191.15 208.40 OK
r-devel-linux-x86_64-debian-gcc 0.4.4 15.26 141.23 156.49 OK
r-devel-linux-x86_64-fedora-clang 0.4.4 278.94 NOTE
r-devel-linux-x86_64-fedora-gcc 0.4.4 282.18 NOTE
r-devel-windows-x86_64-new-UL 0.4.4 48.00 228.00 276.00 OK
r-devel-windows-x86_64-new-TK 0.4.4 OK
r-patched-linux-x86_64 0.4.4 24.25 189.89 214.14 OK
r-release-linux-x86_64 0.4.4 18.03 187.10 205.13 OK
r-release-macos-arm64 0.4.4 OK
r-release-macos-x86_64 0.4.4 OK
r-release-windows-ix86+x86_64 0.4.4 44.00 226.00 270.00 OK
r-oldrel-macos-x86_64 0.4.4 OK
r-oldrel-windows-ix86+x86_64 0.4.4 45.00 235.00 280.00 OK

Check Details

Version: 0.4.4
Check: for detritus in the temp directory
Result: NOTE
    Found the following files/directories:
     ‘par-7269706c6579’
Flavors: r-devel-linux-x86_64-fedora-clang, r-devel-linux-x86_64-fedora-gcc