CRAN Package Check Results for Package micEcon

Last updated on 2025-05-05 01:50:52 CEST.

Flavor Version Tinstall Tcheck Ttotal Status Flags
r-devel-linux-x86_64-debian-clang 0.6-18 6.08 69.14 75.22 NOTE
r-devel-linux-x86_64-debian-gcc 0.6-18 4.61 48.47 53.08 NOTE
r-devel-linux-x86_64-fedora-clang 0.6-18 115.81 OK
r-devel-linux-x86_64-fedora-gcc 0.6-18 119.37 OK
r-devel-windows-x86_64 0.6-18 8.00 85.00 93.00 NOTE
r-patched-linux-x86_64 0.6-18 5.23 64.83 70.06 NOTE
r-release-linux-x86_64 0.6-18 5.74 64.97 70.71 NOTE
r-release-macos-arm64 0.6-18 40.00 OK
r-release-macos-x86_64 0.6-18 66.00 OK
r-release-windows-x86_64 0.6-18 8.00 88.00 96.00 NOTE
r-oldrel-macos-arm64 0.6-18 36.00 OK
r-oldrel-macos-x86_64 0.6-18 55.00 OK
r-oldrel-windows-x86_64 0.6-18 9.00 103.00 112.00 OK

Check Details

Version: 0.6-18
Check: CRAN incoming feasibility
Result: NOTE Maintainer: ‘Arne Henningsen <arne.henningsen@gmail.com>’ No Authors@R field in DESCRIPTION. Please add one, modifying Authors@R: person(given = "Arne", family = "Henningsen", role = c("aut", "cre"), email = "arne.henningsen@gmail.com") as necessary. Flavors: r-devel-linux-x86_64-debian-clang, r-devel-linux-x86_64-debian-gcc

Version: 0.6-18
Check: Rd cross-references
Result: NOTE Found the following Rd file(s) with Rd \link{} targets missing package anchors: translogCheckCurvature.Rd: semidefiniteness, quasiconvexity, quasiconcavity Please provide package anchors for all Rd \link{} targets not in the package itself and the base packages. Flavors: r-devel-linux-x86_64-debian-clang, r-devel-linux-x86_64-debian-gcc, r-devel-windows-x86_64, r-patched-linux-x86_64, r-release-linux-x86_64, r-release-windows-x86_64