Last updated on 2022-05-24 01:49:56 CEST.
Flavor | Version | Tinstall | Tcheck | Ttotal | Status | Flags |
---|---|---|---|---|---|---|
r-devel-linux-x86_64-debian-clang | 3.12-26 | 156.51 | 168.34 | 324.85 | OK | |
r-devel-linux-x86_64-debian-gcc | 3.12-26 | 117.05 | 123.26 | 240.31 | OK | |
r-devel-linux-x86_64-fedora-clang | 3.12-26 | 432.66 | NOTE | |||
r-devel-linux-x86_64-fedora-gcc | 3.12-26 | 379.53 | OK | |||
r-devel-windows-x86_64 | 3.12-26 | 268.00 | 220.00 | 488.00 | OK | |
r-patched-linux-x86_64 | 3.12-26 | 115.06 | 155.44 | 270.50 | OK | |
r-release-linux-x86_64 | 3.12-26 | OK | ||||
r-release-macos-arm64 | 3.12-26 | 85.00 | NOTE | |||
r-release-macos-x86_64 | 3.12-26 | 174.00 | NOTE | |||
r-release-windows-x86_64 | 3.12-26 | 282.00 | 238.00 | 520.00 | OK | |
r-oldrel-macos-arm64 | 3.12-26 | 84.00 | NOTE | |||
r-oldrel-macos-x86_64 | 3.12-26 | 123.00 | NOTE | |||
r-oldrel-windows-ix86+x86_64 | 3.12-26 | 367.00 | 231.00 | 598.00 | OK |
Version: 3.12-26
Check: installed package size
Result: NOTE
installed size is 6.1Mb
sub-directories of 1Mb or more:
libs 4.5Mb
Flavors: r-devel-linux-x86_64-fedora-clang, r-release-macos-arm64, r-release-macos-x86_64, r-oldrel-macos-arm64, r-oldrel-macos-x86_64