Last updated on 2024-05-07 01:53:19 CEST.
Flavor | Version | Tinstall | Tcheck | Ttotal | Status | Flags |
---|---|---|---|---|---|---|
r-devel-linux-x86_64-debian-clang | 3.17-44 | 176.77 | 214.72 | 391.49 | OK | |
r-devel-linux-x86_64-debian-gcc | 3.17-44 | 138.43 | 158.77 | 297.20 | OK | |
r-devel-linux-x86_64-fedora-clang | 3.17-44 | 485.77 | OK | |||
r-devel-linux-x86_64-fedora-gcc | 3.17-44 | 488.00 | OK | |||
r-devel-windows-x86_64 | 3.17-44 | 142.00 | 217.00 | 359.00 | OK | |
r-patched-linux-x86_64 | 3.17-44 | 168.19 | 214.52 | 382.71 | OK | |
r-release-linux-x86_64 | 3.17-44 | 146.67 | 210.59 | 357.26 | OK | |
r-release-macos-arm64 | 3.17-44 | 113.00 | NOTE | |||
r-release-windows-x86_64 | 3.17-44 | 138.00 | 216.00 | 354.00 | OK | |
r-oldrel-macos-arm64 | 3.17-44 | 113.00 | NOTE | |||
r-oldrel-macos-x86_64 | 3.17-44 | 182.00 | NOTE | |||
r-oldrel-windows-x86_64 | 3.17-44 | 173.00 | 273.00 | 446.00 | OK |
Version: 3.17-44
Check: installed package size
Result: NOTE
installed size is 7.3Mb
sub-directories of 1Mb or more:
libs 5.6Mb
Flavors: r-release-macos-arm64, r-oldrel-macos-arm64, r-oldrel-macos-x86_64