Last updated on 2024-04-19 01:58:49 CEST.
Flavor | Version | Tinstall | Tcheck | Ttotal | Status | Flags |
---|---|---|---|---|---|---|
r-devel-linux-x86_64-debian-clang | 1.2 | 90.44 | 75.75 | 166.19 | NOTE | |
r-devel-linux-x86_64-debian-gcc | 1.2 | 63.44 | 54.84 | 118.28 | NOTE | |
r-devel-linux-x86_64-fedora-clang | 1.2 | 235.81 | NOTE | |||
r-devel-linux-x86_64-fedora-gcc | 1.2 | 232.03 | NOTE | |||
r-prerel-macos-arm64 | 1.2 | 60.00 | NOTE | |||
r-prerel-windows-x86_64 | 1.2 | 67.00 | 96.00 | 163.00 | NOTE | |
r-patched-linux-x86_64 | 1.2 | 59.49 | 71.92 | 131.41 | NOTE | |
r-release-linux-x86_64 | 1.2 | 57.29 | 70.64 | 127.93 | NOTE | |
r-release-macos-arm64 | 1.2 | 70.00 | NOTE | |||
r-release-macos-x86_64 | 1.2 | 105.00 | NOTE | |||
r-release-windows-x86_64 | 1.2 | 82.00 | 109.00 | 191.00 | NOTE | |
r-oldrel-macos-arm64 | 1.2 | 58.00 | NOTE | |||
r-oldrel-windows-x86_64 | 1.2 | 82.00 | 110.00 | 192.00 | NOTE |
Version: 1.2
Check: C++ specification
Result: NOTE
Specified C++11: please drop specification unless essential
Flavors: r-devel-linux-x86_64-debian-clang, r-devel-linux-x86_64-debian-gcc, r-devel-linux-x86_64-fedora-clang, r-devel-linux-x86_64-fedora-gcc, r-prerel-macos-arm64, r-prerel-windows-x86_64, r-patched-linux-x86_64, r-release-linux-x86_64, r-release-macos-arm64, r-release-macos-x86_64, r-release-windows-x86_64
Version: 1.2
Check: for GNU extensions in Makefiles
Result: NOTE
GNU make is a SystemRequirements.
Flavors: r-devel-linux-x86_64-debian-clang, r-devel-linux-x86_64-debian-gcc, r-devel-linux-x86_64-fedora-clang, r-devel-linux-x86_64-fedora-gcc, r-prerel-macos-arm64, r-prerel-windows-x86_64, r-patched-linux-x86_64, r-release-linux-x86_64, r-release-macos-arm64, r-release-macos-x86_64, r-release-windows-x86_64, r-oldrel-macos-arm64, r-oldrel-windows-x86_64
Version: 1.2
Check: dependencies in R code
Result: NOTE
Namespace in Imports field not imported from: ‘tibble’
All declared Imports should be used.
Flavors: r-devel-linux-x86_64-fedora-clang, r-devel-linux-x86_64-fedora-gcc, r-oldrel-macos-arm64