Last updated on 2023-05-31 01:57:19 CEST.
Flavor | Version | Tinstall | Tcheck | Ttotal | Status | Flags |
---|---|---|---|---|---|---|
r-devel-linux-x86_64-debian-clang | 1.2 | 84.46 | 73.12 | 157.58 | NOTE | |
r-devel-linux-x86_64-debian-gcc | 1.2 | 65.20 | 53.96 | 119.16 | NOTE | |
r-devel-linux-x86_64-fedora-clang | 1.2 | 227.78 | NOTE | |||
r-devel-linux-x86_64-fedora-gcc | 1.2 | 224.04 | NOTE | |||
r-devel-windows-x86_64 | 1.2 | 65.00 | 96.00 | 161.00 | NOTE | |
r-patched-linux-x86_64 | 1.2 | 60.46 | 69.83 | 130.29 | NOTE | |
r-release-linux-x86_64 | 1.2 | 46.87 | 68.58 | 115.45 | NOTE | |
r-release-macos-arm64 | 1.2 | 70.00 | NOTE | |||
r-release-macos-x86_64 | 1.2 | 105.00 | NOTE | |||
r-release-windows-x86_64 | 1.2 | 86.00 | 111.00 | 197.00 | NOTE | |
r-oldrel-macos-arm64 | 1.2 | 58.00 | NOTE | |||
r-oldrel-macos-x86_64 | 1.2 | 99.00 | NOTE | |||
r-oldrel-windows-x86_64 | 1.2 | 81.00 | 110.00 | 191.00 | NOTE |
Version: 1.2
Check: C++ specification
Result: NOTE
Specified C++11: please drop specification unless essential
Flavors: r-devel-linux-x86_64-debian-clang, r-devel-linux-x86_64-debian-gcc, r-devel-linux-x86_64-fedora-clang, r-devel-linux-x86_64-fedora-gcc, r-devel-windows-x86_64, r-patched-linux-x86_64, r-release-linux-x86_64, r-release-macos-arm64, r-release-macos-x86_64, r-release-windows-x86_64
Version: 1.2
Check: for GNU extensions in Makefiles
Result: NOTE
GNU make is a SystemRequirements.
Flavors: r-devel-linux-x86_64-debian-clang, r-devel-linux-x86_64-debian-gcc, r-devel-linux-x86_64-fedora-clang, r-devel-linux-x86_64-fedora-gcc, r-devel-windows-x86_64, r-patched-linux-x86_64, r-release-linux-x86_64, r-release-macos-arm64, r-release-macos-x86_64, r-release-windows-x86_64, r-oldrel-macos-arm64, r-oldrel-macos-x86_64, r-oldrel-windows-x86_64
Version: 1.2
Check: dependencies in R code
Result: NOTE
Namespace in Imports field not imported from: ‘tibble’
All declared Imports should be used.
Flavors: r-devel-linux-x86_64-fedora-clang, r-devel-linux-x86_64-fedora-gcc, r-oldrel-macos-arm64, r-oldrel-macos-x86_64