Last updated on 2024-03-29 01:51:10 CET.
Flavor | Version | Tinstall | Tcheck | Ttotal | Status | Flags |
---|---|---|---|---|---|---|
r-devel-linux-x86_64-debian-clang | 1.2 | 6.36 | 68.49 | 74.85 | NOTE | |
r-devel-linux-x86_64-debian-gcc | 1.2 | 4.60 | 52.72 | 57.32 | NOTE | |
r-devel-linux-x86_64-fedora-clang | 1.2 | 95.17 | NOTE | |||
r-devel-linux-x86_64-fedora-gcc | 1.2 | 104.05 | NOTE | |||
r-devel-windows-x86_64 | 1.2 | 6.00 | 81.00 | 87.00 | NOTE | |
r-patched-linux-x86_64 | 1.2 | 14.17 | 66.38 | 80.55 | NOTE | |
r-release-linux-x86_64 | 1.2 | 3.74 | 65.64 | 69.38 | NOTE | |
r-release-macos-arm64 | 1.2 | 43.00 | NOTE | |||
r-release-macos-x86_64 | 1.2 | 62.00 | NOTE | |||
r-release-windows-x86_64 | 1.2 | 9.00 | 85.00 | 94.00 | NOTE | |
r-oldrel-macos-arm64 | 1.2 | 40.00 | NOTE | |||
r-oldrel-windows-x86_64 | 1.2 | 9.00 | 92.00 | 101.00 | NOTE |
Version: 1.2
Check: package dependencies
Result: NOTE
Package suggested but not available for checking: ‘microcontax.data’
Flavors: r-devel-linux-x86_64-debian-clang, r-devel-linux-x86_64-debian-gcc, r-devel-linux-x86_64-fedora-clang, r-devel-linux-x86_64-fedora-gcc, r-devel-windows-x86_64, r-patched-linux-x86_64, r-release-linux-x86_64, r-release-macos-arm64, r-release-macos-x86_64, r-release-windows-x86_64, r-oldrel-macos-arm64, r-oldrel-windows-x86_64
Version: 1.2
Check: Rd cross-references
Result: NOTE
Package unavailable to check Rd xrefs: ‘microcontax.data’
Flavors: r-devel-linux-x86_64-debian-clang, r-devel-linux-x86_64-debian-gcc, r-devel-linux-x86_64-fedora-clang, r-devel-linux-x86_64-fedora-gcc, r-devel-windows-x86_64, r-patched-linux-x86_64, r-release-linux-x86_64, r-release-macos-arm64, r-release-macos-x86_64, r-release-windows-x86_64, r-oldrel-macos-arm64, r-oldrel-windows-x86_64