CRAN Package Check Results for Package microdemic

Last updated on 2022-07-02 01:49:00 CEST.

Flavor Version Tinstall Tcheck Ttotal Status Flags
r-devel-linux-x86_64-debian-clang 0.6.0 1.95 24.49 26.44 NOTE
r-devel-linux-x86_64-debian-gcc 0.6.0 1.53 19.15 20.68 NOTE
r-devel-linux-x86_64-fedora-clang 0.6.0 44.40 NOTE
r-devel-linux-x86_64-fedora-gcc 0.6.0 42.32 NOTE
r-devel-windows-x86_64 0.6.0 11.00 48.00 59.00 NOTE
r-patched-linux-x86_64 0.6.0 1.75 24.32 26.07 NOTE
r-release-linux-x86_64 0.6.0 1.82 23.60 25.42 NOTE
r-release-macos-arm64 0.6.0 15.00 NOTE
r-release-macos-x86_64 0.6.0 21.00 NOTE
r-release-windows-x86_64 0.6.0 19.00 49.00 68.00 NOTE
r-oldrel-macos-arm64 0.6.0 23.00 NOTE
r-oldrel-macos-x86_64 0.6.0 25.00 NOTE
r-oldrel-windows-ix86+x86_64 0.6.0 6.00 43.00 49.00 NOTE

Check Details

Version: 0.6.0
Check: LazyData
Result: NOTE
     'LazyData' is specified without a 'data' directory
Flavors: r-devel-linux-x86_64-debian-clang, r-devel-linux-x86_64-debian-gcc, r-devel-linux-x86_64-fedora-clang, r-devel-linux-x86_64-fedora-gcc, r-devel-windows-x86_64, r-patched-linux-x86_64, r-release-linux-x86_64, r-release-macos-arm64, r-release-macos-x86_64, r-release-windows-x86_64, r-oldrel-macos-arm64, r-oldrel-macos-x86_64, r-oldrel-windows-ix86+x86_64