Last updated on 2022-05-25 02:52:23 CEST.
Flavor | Version | Tinstall | Tcheck | Ttotal | Status | Flags |
---|---|---|---|---|---|---|
r-devel-linux-x86_64-debian-clang | 0.9.0 | 45.83 | 174.13 | 219.96 | OK | |
r-devel-linux-x86_64-debian-gcc | 0.9.0 | 41.06 | 131.94 | 173.00 | OK | |
r-devel-linux-x86_64-fedora-clang | 0.9.0 | 271.05 | NOTE | |||
r-devel-linux-x86_64-fedora-gcc | 0.9.0 | 255.06 | OK | |||
r-devel-windows-x86_64 | 0.9.0 | 61.00 | 195.00 | 256.00 | NOTE | |
r-patched-linux-x86_64 | 0.9.0 | 47.62 | 164.80 | 212.42 | OK | |
r-release-linux-x86_64 | 0.9.0 | OK | ||||
r-release-macos-arm64 | 0.9.0 | 92.00 | NOTE | |||
r-release-macos-x86_64 | 0.9.0 | 111.00 | NOTE | |||
r-release-windows-x86_64 | 0.9.0 | 61.00 | 200.00 | 261.00 | NOTE | |
r-oldrel-macos-arm64 | 0.9.0 | 84.00 | NOTE | |||
r-oldrel-macos-x86_64 | 0.9.0 | 103.00 | NOTE | |||
r-oldrel-windows-ix86+x86_64 | 0.9.0 | 81.00 | 187.00 | 268.00 | NOTE |
Version: 0.9.0
Check: installed package size
Result: NOTE
installed size is 5.1Mb
sub-directories of 1Mb or more:
data 3.9Mb
Flavors: r-devel-linux-x86_64-fedora-clang, r-devel-windows-x86_64, r-release-macos-arm64, r-release-macos-x86_64, r-release-windows-x86_64, r-oldrel-macos-arm64, r-oldrel-macos-x86_64, r-oldrel-windows-ix86+x86_64