Last updated on 2024-08-16 01:48:23 CEST.
Flavor | Version | Tinstall | Tcheck | Ttotal | Status | Flags |
---|---|---|---|---|---|---|
r-devel-linux-x86_64-debian-clang | 2.1.6 | 29.22 | 47.94 | 77.16 | NOTE | |
r-devel-linux-x86_64-debian-gcc | 2.1.6 | 19.26 | 35.85 | 55.11 | NOTE | |
r-devel-linux-x86_64-fedora-clang | 2.1.6 | 136.35 | NOTE | |||
r-devel-linux-x86_64-fedora-gcc | 2.1.6 | 140.81 | NOTE | |||
r-devel-windows-x86_64 | 2.1.6 | 32.00 | 97.00 | 129.00 | NOTE | |
r-patched-linux-x86_64 | 2.1.6 | 30.11 | 45.71 | 75.82 | NOTE | |
r-release-linux-x86_64 | 2.1.6 | 25.66 | 47.57 | 73.23 | NOTE | |
r-release-macos-arm64 | 2.1.6 | 44.00 | NOTE | |||
r-release-macos-x86_64 | 2.1.6 | 57.00 | NOTE | |||
r-release-windows-x86_64 | 2.1.6 | 35.00 | 100.00 | 135.00 | NOTE | |
r-oldrel-macos-arm64 | 2.1.6 | 48.00 | OK | |||
r-oldrel-macos-x86_64 | 2.1.6 | 86.00 | OK | |||
r-oldrel-windows-x86_64 | 2.1.6 | 40.00 | 111.00 | 151.00 | OK |
Version: 2.1.6
Check: Rd files
Result: NOTE
checkRd: (-1) readFastq.Rd:62: Lost braces
62 | code{\link{readFasta}}.
| ^
Flavors: r-devel-linux-x86_64-debian-clang, r-devel-linux-x86_64-debian-gcc, r-devel-linux-x86_64-fedora-clang, r-devel-linux-x86_64-fedora-gcc, r-devel-windows-x86_64, r-patched-linux-x86_64, r-release-linux-x86_64, r-release-macos-arm64, r-release-macos-x86_64, r-release-windows-x86_64
Version: 2.1.6
Check: Rd cross-references
Result: NOTE
Found the following Rd file(s) with Rd \link{} targets missing package
anchors:
findOrfs.Rd: tibble
gff2fasta.Rd: tibble
lorfs.Rd: tibble
msalign.Rd: tibble
readFasta.Rd: tibble
readFastq.Rd: tibble
readGFF.Rd: tibble
Please provide package anchors for all Rd \link{} targets not in the
package itself and the base packages.
Flavors: r-devel-linux-x86_64-debian-clang, r-devel-linux-x86_64-debian-gcc, r-devel-windows-x86_64