Last updated on 2022-07-03 01:48:58 CEST.
Flavor | Version | Tinstall | Tcheck | Ttotal | Status | Flags |
---|---|---|---|---|---|---|
r-devel-linux-x86_64-debian-clang | 0.1.2 | 3.24 | 31.64 | 34.88 | OK | |
r-devel-linux-x86_64-debian-gcc | 0.1.2 | 2.35 | 24.59 | 26.94 | OK | |
r-devel-linux-x86_64-fedora-clang | 0.1.2 | 55.07 | NOTE | |||
r-devel-linux-x86_64-fedora-gcc | 0.1.2 | 53.17 | NOTE | |||
r-devel-windows-x86_64 | 0.1.2 | 61.00 | 55.00 | 116.00 | OK | |
r-patched-linux-x86_64 | 0.1.2 | 2.90 | 30.50 | 33.40 | OK | |
r-release-linux-x86_64 | 0.1.2 | 3.29 | 31.11 | 34.40 | OK | |
r-release-macos-arm64 | 0.1.2 | 17.00 | NOTE | |||
r-release-macos-x86_64 | 0.1.2 | 30.00 | NOTE | |||
r-release-windows-x86_64 | 0.1.2 | 103.00 | 58.00 | 161.00 | OK | |
r-oldrel-macos-arm64 | 0.1.2 | 23.00 | NOTE | |||
r-oldrel-macos-x86_64 | 0.1.2 | 26.00 | NOTE | |||
r-oldrel-windows-ix86+x86_64 | 0.1.2 | 8.00 | 50.00 | 58.00 | OK |
Version: 0.1.2
Check: dependencies in R code
Result: NOTE
Namespaces in Imports field not imported from:
‘config’ ‘desc’ ‘dplyr’ ‘glue’ ‘withr’
All declared Imports should be used.
Flavors: r-devel-linux-x86_64-fedora-clang, r-devel-linux-x86_64-fedora-gcc, r-release-macos-arm64, r-release-macos-x86_64, r-oldrel-macos-arm64, r-oldrel-macos-x86_64