Last updated on 2024-03-28 01:54:02 CET.
Flavor | Version | Tinstall | Tcheck | Ttotal | Status | Flags |
---|---|---|---|---|---|---|
r-devel-linux-x86_64-debian-clang | 2.0.44 | 6.50 | 113.72 | 120.22 | OK | |
r-devel-linux-x86_64-debian-gcc | 2.0.44 | 7.67 | 83.02 | 90.69 | OK | |
r-devel-linux-x86_64-fedora-clang | 2.0.44 | 159.92 | OK | |||
r-devel-linux-x86_64-fedora-gcc | 2.0.44 | 170.99 | OK | |||
r-devel-windows-x86_64 | 2.0.44 | 8.00 | 127.00 | 135.00 | OK | |
r-patched-linux-x86_64 | 2.0.44 | 7.97 | 106.47 | 114.44 | OK | |
r-release-linux-x86_64 | 2.0.44 | 6.66 | 109.83 | 116.49 | OK | |
r-release-macos-arm64 | 2.0.44 | 49.00 | OK | |||
r-release-macos-x86_64 | 2.0.44 | 139.00 | NOTE | |||
r-release-windows-x86_64 | 2.0.44 | 12.00 | 131.00 | 143.00 | OK | |
r-oldrel-macos-arm64 | 2.0.44 | 49.00 | OK | |||
r-oldrel-windows-x86_64 | 2.0.44 | 11.00 | 120.00 | 131.00 | OK |
Version: 2.0.44
Check: installed package size
Result: NOTE
installed size is 5.5Mb
sub-directories of 1Mb or more:
data 2.9Mb
doc 1.7Mb
Flavor: r-release-macos-x86_64