Last updated on 2024-04-19 01:58:49 CEST.
Flavor | Version | Tinstall | Tcheck | Ttotal | Status | Flags |
---|---|---|---|---|---|---|
r-devel-linux-x86_64-debian-clang | 0.2.0 | 2.83 | 72.56 | 75.39 | NOTE | |
r-devel-linux-x86_64-debian-gcc | 0.2.0 | 1.98 | 56.67 | 58.65 | NOTE | |
r-devel-linux-x86_64-fedora-clang | 0.2.0 | 95.33 | NOTE | |||
r-devel-linux-x86_64-fedora-gcc | 0.2.0 | 90.48 | NOTE | |||
r-prerel-macos-arm64 | 0.2.0 | 37.00 | NOTE | |||
r-prerel-windows-x86_64 | 0.2.0 | 4.00 | 82.00 | 86.00 | NOTE | |
r-patched-linux-x86_64 | 0.2.0 | 9.14 | 71.24 | 80.38 | NOTE | |
r-release-linux-x86_64 | 0.2.0 | 1.79 | 72.66 | 74.45 | NOTE | |
r-release-macos-arm64 | 0.2.0 | 39.00 | NOTE | |||
r-release-macos-x86_64 | 0.2.0 | 60.00 | NOTE | |||
r-release-windows-x86_64 | 0.2.0 | 5.00 | 87.00 | 92.00 | NOTE | |
r-oldrel-macos-arm64 | 0.2.0 | 37.00 | NOTE | |||
r-oldrel-windows-x86_64 | 0.2.0 | 4.00 | 93.00 | 97.00 | NOTE |
Version: 0.2.0
Check: LazyData
Result: NOTE
'LazyData' is specified without a 'data' directory
Flavors: r-devel-linux-x86_64-debian-clang, r-devel-linux-x86_64-debian-gcc, r-devel-linux-x86_64-fedora-clang, r-devel-linux-x86_64-fedora-gcc, r-prerel-macos-arm64, r-prerel-windows-x86_64, r-patched-linux-x86_64, r-release-linux-x86_64, r-release-macos-arm64, r-release-macos-x86_64, r-release-windows-x86_64, r-oldrel-macos-arm64, r-oldrel-windows-x86_64