Last updated on 2025-04-30 02:50:44 CEST.
Flavor | Version | Tinstall | Tcheck | Ttotal | Status | Flags |
---|---|---|---|---|---|---|
r-devel-linux-x86_64-debian-clang | 1.4.5 | 10.27 | 100.73 | 111.00 | NOTE | |
r-devel-linux-x86_64-debian-gcc | 1.4.5 | 6.18 | 70.21 | 76.39 | NOTE | |
r-devel-linux-x86_64-fedora-clang | 1.4.5 | 159.12 | NOTE | |||
r-devel-linux-x86_64-fedora-gcc | 1.4.5 | 161.88 | NOTE | |||
r-devel-windows-x86_64 | 1.4.5 | 10.00 | 102.00 | 112.00 | NOTE | |
r-patched-linux-x86_64 | 1.4.5 | 8.90 | 92.60 | 101.50 | NOTE | |
r-release-linux-x86_64 | 1.4.5 | 9.23 | 94.47 | 103.70 | NOTE | |
r-release-macos-arm64 | 1.4.5 | 46.00 | NOTE | |||
r-release-macos-x86_64 | 1.4.5 | 93.00 | NOTE | |||
r-release-windows-x86_64 | 1.4.5 | 11.00 | 96.00 | 107.00 | NOTE | |
r-oldrel-macos-arm64 | 1.4.5 | 43.00 | OK | |||
r-oldrel-macos-x86_64 | 1.4.5 | 88.00 | OK | |||
r-oldrel-windows-x86_64 | 1.4.5 | 14.00 | 124.00 | 138.00 | OK |
Version: 1.4.5
Check: DESCRIPTION meta-information
Result: NOTE
Missing dependency on R >= 4.1.0 because package code uses the pipe
|> or function shorthand \(...) syntax added in R 4.1.0.
File(s) using such syntax:
‘model_tests.R’
Flavors: r-devel-linux-x86_64-debian-clang, r-devel-linux-x86_64-debian-gcc, r-devel-linux-x86_64-fedora-clang, r-devel-linux-x86_64-fedora-gcc, r-devel-windows-x86_64, r-patched-linux-x86_64, r-release-linux-x86_64, r-release-macos-arm64, r-release-macos-x86_64, r-release-windows-x86_64
Version: 1.4.5
Check: examples
Result: NOTE
Examples with CPU (user + system) or elapsed time > 5s
user system elapsed
regression 5.402 0.084 6.624
Flavor: r-devel-linux-x86_64-debian-clang
Version: 1.4.5
Check: examples
Result: NOTE
Examples with CPU (user + system) or elapsed time > 5s
user system elapsed
regression 4.215 0.107 5.249
Flavor: r-devel-linux-x86_64-debian-gcc