Last updated on 2022-06-30 01:49:13 CEST.
Flavor | Version | Tinstall | Tcheck | Ttotal | Status | Flags |
---|---|---|---|---|---|---|
r-devel-linux-x86_64-debian-clang | 0.1.5 | 72.86 | 31.88 | 104.74 | OK | |
r-devel-linux-x86_64-debian-gcc | 0.1.5 | 56.07 | 24.90 | 80.97 | OK | |
r-devel-linux-x86_64-fedora-clang | 0.1.5 | 169.23 | WARN | |||
r-devel-linux-x86_64-fedora-gcc | 0.1.5 | 151.78 | WARN | |||
r-devel-windows-x86_64 | 0.1.5 | 67.00 | 75.00 | 142.00 | OK | |
r-patched-linux-x86_64 | 0.1.5 | 69.38 | 30.80 | 100.18 | OK | |
r-release-linux-x86_64 | 0.1.5 | 57.49 | 30.49 | 87.98 | OK | |
r-release-macos-arm64 | 0.1.5 | 38.00 | NOTE | |||
r-release-macos-x86_64 | 0.1.5 | 61.00 | NOTE | |||
r-release-windows-x86_64 | 0.1.5 | 88.00 | 76.00 | 164.00 | OK | |
r-oldrel-macos-arm64 | 0.1.5 | 43.00 | NOTE | |||
r-oldrel-macos-x86_64 | 0.1.5 | 52.00 | NOTE | |||
r-oldrel-windows-ix86+x86_64 | 0.1.5 | 189.00 | 77.00 | 266.00 | OK |
Version: 0.1.5
Check: package dependencies
Result: WARN
Requires orphaned package: ‘gtools’
Flavors: r-devel-linux-x86_64-fedora-clang, r-devel-linux-x86_64-fedora-gcc
Version: 0.1.5
Check: dependencies in R code
Result: NOTE
Namespaces in Imports field not imported from:
‘DiceDesign’ ‘MaxPro’ ‘doSNOW’ ‘gmp’ ‘jpeg’
All declared Imports should be used.
Flavors: r-devel-linux-x86_64-fedora-clang, r-devel-linux-x86_64-fedora-gcc, r-release-macos-arm64, r-release-macos-x86_64, r-oldrel-macos-arm64, r-oldrel-macos-x86_64