Last updated on 2024-04-19 01:58:49 CEST.
Flavor | Version | Tinstall | Tcheck | Ttotal | Status | Flags |
---|---|---|---|---|---|---|
r-devel-linux-x86_64-debian-clang | 1.4.0 | 67.46 | 34.23 | 101.69 | NOTE | |
r-devel-linux-x86_64-debian-gcc | 1.4.0 | 54.96 | 25.43 | 80.39 | NOTE | |
r-devel-linux-x86_64-fedora-clang | 1.4.0 | 149.50 | NOTE | |||
r-devel-linux-x86_64-fedora-gcc | 1.4.0 | 150.85 | NOTE | |||
r-prerel-macos-arm64 | 1.4.0 | 34.00 | NOTE | |||
r-prerel-windows-x86_64 | 1.4.0 | 52.00 | 73.00 | 125.00 | NOTE | |
r-patched-linux-x86_64 | 1.4.0 | 69.94 | 32.56 | 102.50 | NOTE | |
r-release-linux-x86_64 | 1.4.0 | 60.24 | 32.17 | 92.41 | NOTE | |
r-release-macos-arm64 | 1.4.0 | 39.00 | NOTE | |||
r-release-macos-x86_64 | 1.4.0 | 70.00 | NOTE | |||
r-release-windows-x86_64 | 1.4.0 | 63.00 | 77.00 | 140.00 | NOTE | |
r-oldrel-macos-arm64 | 1.4.0 | 48.00 | OK | |||
r-oldrel-windows-x86_64 | 1.4.0 | 65.00 | 77.00 | 142.00 | OK |
Version: 1.4.0
Check: C++ specification
Result: NOTE
Specified C++11: please drop specification unless essential
Flavors: r-devel-linux-x86_64-debian-clang, r-devel-linux-x86_64-debian-gcc, r-devel-linux-x86_64-fedora-clang, r-devel-linux-x86_64-fedora-gcc, r-prerel-macos-arm64, r-prerel-windows-x86_64, r-patched-linux-x86_64, r-release-linux-x86_64, r-release-macos-arm64, r-release-macos-x86_64, r-release-windows-x86_64
Version: 1.4.0
Check: package subdirectories
Result: NOTE
Problems with news in ‘NEWS.md’:
No news entries found.
Flavors: r-devel-linux-x86_64-debian-clang, r-devel-linux-x86_64-debian-gcc, r-devel-linux-x86_64-fedora-clang, r-devel-linux-x86_64-fedora-gcc, r-prerel-macos-arm64, r-prerel-windows-x86_64, r-patched-linux-x86_64, r-release-linux-x86_64, r-release-macos-arm64, r-release-macos-x86_64, r-release-windows-x86_64