Last updated on 2024-04-23 01:57:05 CEST.
Flavor | Version | Tinstall | Tcheck | Ttotal | Status | Flags |
---|---|---|---|---|---|---|
r-devel-linux-x86_64-debian-clang | 0.1-5 | 11.41 | 86.06 | 97.47 | OK | |
r-devel-linux-x86_64-debian-gcc | 0.1-5 | 9.91 | 64.74 | 74.65 | OK | |
r-devel-linux-x86_64-fedora-clang | 0.1-5 | 122.41 | NOTE | |||
r-devel-linux-x86_64-fedora-gcc | 0.1-5 | 118.47 | OK | |||
r-prerel-macos-arm64 | 0.1-5 | 43.00 | NOTE | |||
r-prerel-windows-x86_64 | 0.1-5 | 16.00 | 84.00 | 100.00 | NOTE | |
r-patched-linux-x86_64 | 0.1-5 | 13.68 | 82.02 | 95.70 | OK | |
r-release-linux-x86_64 | 0.1-5 | 12.72 | 84.74 | 97.46 | OK | |
r-release-macos-arm64 | 0.1-5 | 48.00 | NOTE | |||
r-release-macos-x86_64 | 0.1-5 | 69.00 | NOTE | |||
r-release-windows-x86_64 | 0.1-5 | 20.00 | 99.00 | 119.00 | NOTE | |
r-oldrel-macos-arm64 | 0.1-5 | 52.00 | NOTE | |||
r-oldrel-windows-x86_64 | 0.1-5 | 20.00 | 98.00 | 118.00 | NOTE |
Version: 0.1-5
Check: Rd cross-references
Result: NOTE
Undeclared packages ‘pspline’, ‘lme4’ in Rd xrefs
Flavor: r-devel-linux-x86_64-fedora-clang
Version: 0.1-5
Check: package dependencies
Result: NOTE
Packages suggested but not available for checking: 'mixAK', 'BRugs'
Flavors: r-prerel-macos-arm64, r-release-macos-arm64, r-release-macos-x86_64, r-oldrel-macos-arm64
Version: 0.1-5
Check: Rd cross-references
Result: NOTE
Package unavailable to check Rd xrefs: ‘mixAK’
Flavors: r-prerel-macos-arm64, r-release-macos-arm64, r-oldrel-macos-arm64
Version: 0.1-5
Check: package dependencies
Result: NOTE
Package suggested but not available for checking: 'BRugs'
Flavors: r-prerel-windows-x86_64, r-release-windows-x86_64, r-oldrel-windows-x86_64
Version: 0.1-5
Check: Rd cross-references
Result: NOTE
Packages unavailable to check Rd xrefs: ‘lme4’, ‘mixAK’
Flavor: r-release-macos-x86_64