Last updated on 2025-04-30 02:50:44 CEST.
Flavor | Version | Tinstall | Tcheck | Ttotal | Status | Flags |
---|---|---|---|---|---|---|
r-devel-linux-x86_64-debian-clang | 0.7.1 | 83.72 | 286.19 | 369.91 | NOTE | |
r-devel-linux-x86_64-debian-gcc | 0.7.1 | 54.18 | 174.54 | 228.72 | NOTE | |
r-devel-linux-x86_64-fedora-clang | 0.7.1 | 666.45 | OK | |||
r-devel-linux-x86_64-fedora-gcc | 0.7.1 | 564.71 | OK | |||
r-devel-windows-x86_64 | 0.7.1 | 82.00 | 274.00 | 356.00 | OK | |
r-patched-linux-x86_64 | 0.7.1 | 85.82 | 267.76 | 353.58 | OK | |
r-release-linux-x86_64 | 0.7.1 | 76.28 | 264.80 | 341.08 | OK | |
r-release-macos-arm64 | 0.7.1 | 131.00 | OK | |||
r-release-macos-x86_64 | 0.7.1 | 281.00 | OK | |||
r-release-windows-x86_64 | 0.7.1 | 78.00 | 266.00 | 344.00 | OK | |
r-oldrel-macos-arm64 | 0.7.1 | 120.00 | OK | |||
r-oldrel-macos-x86_64 | 0.7.1 | 234.00 | OK | |||
r-oldrel-windows-x86_64 | 0.7.1 | 108.00 | 354.00 | 462.00 | OK |
Version: 0.7.1
Check: examples
Result: NOTE
Examples with CPU (user + system) or elapsed time > 5s
user system elapsed
item.cfa 6.637 0.079 8.923
Flavor: r-devel-linux-x86_64-debian-clang
Version: 0.7.1
Check: examples
Result: NOTE
Examples with CPU (user + system) or elapsed time > 5s
user system elapsed
item.cfa 4.235 0.079 9.015
Flavor: r-devel-linux-x86_64-debian-gcc