Last updated on 2024-04-18 01:55:24 CEST.
Flavor | Version | Tinstall | Tcheck | Ttotal | Status | Flags |
---|---|---|---|---|---|---|
r-devel-linux-x86_64-debian-clang | 0.4-5 | 21.10 | 208.30 | 229.40 | OK | |
r-devel-linux-x86_64-debian-gcc | 0.4-5 | 15.06 | 149.35 | 164.41 | OK | |
r-devel-linux-x86_64-fedora-clang | 0.4-5 | 281.66 | OK | |||
r-devel-linux-x86_64-fedora-gcc | 0.4-5 | 273.87 | OK | |||
r-prerel-macos-arm64 | 0.4-5 | 83.00 | OK | |||
r-prerel-windows-x86_64 | 0.4-5 | 15.00 | 161.00 | 176.00 | OK | |
r-patched-linux-x86_64 | 0.4-5 | 19.23 | 190.15 | 209.38 | OK | |
r-release-linux-x86_64 | 0.4-5 | 12.55 | 195.36 | 207.91 | OK | |
r-release-macos-arm64 | 0.4-5 | 93.00 | OK | |||
r-release-macos-x86_64 | 0.4-5 | 119.00 | NOTE | |||
r-release-windows-x86_64 | 0.4-5 | 19.00 | 203.00 | 222.00 | OK | |
r-oldrel-macos-arm64 | 0.4-5 | 62.00 | OK | |||
r-oldrel-windows-x86_64 | 0.4-5 | 20.00 | 202.00 | 222.00 | OK |
Version: 0.4-5
Check: package dependencies
Result: NOTE
Package suggested but not available for checking: ‘glmmTMB’
Flavor: r-release-macos-x86_64