Last updated on 2024-04-18 01:55:24 CEST.
Flavor | Version | Tinstall | Tcheck | Ttotal | Status | Flags |
---|---|---|---|---|---|---|
r-devel-linux-x86_64-debian-clang | 0.2.0 | 37.99 | 252.20 | 290.19 | NOTE | |
r-devel-linux-x86_64-debian-gcc | 0.2.0 | 28.57 | 183.92 | 212.49 | NOTE | |
r-devel-linux-x86_64-fedora-clang | 0.2.0 | 371.42 | NOTE | |||
r-devel-linux-x86_64-fedora-gcc | 0.2.0 | 375.31 | NOTE | |||
r-prerel-macos-arm64 | 0.2.0 | 114.00 | NOTE | |||
r-prerel-windows-x86_64 | 0.2.0 | 30.00 | 489.00 | 519.00 | NOTE | |
r-patched-linux-x86_64 | 0.2.0 | 37.73 | 241.40 | 279.13 | NOTE | |
r-release-linux-x86_64 | 0.2.0 | 39.89 | 244.75 | 284.64 | OK | |
r-release-macos-arm64 | 0.2.0 | 131.00 | OK | |||
r-release-macos-x86_64 | 0.2.0 | 189.00 | OK | |||
r-release-windows-x86_64 | 0.2.0 | 38.00 | 496.00 | 534.00 | OK | |
r-oldrel-macos-arm64 | 0.2.0 | 118.00 | OK | |||
r-oldrel-windows-x86_64 | 0.2.0 | 35.00 | 493.00 | 528.00 | OK |
Version: 0.2.0
Check: Rd files
Result: NOTE
checkRd: (-1) print.selectEM.Rd:18: Lost braces
18 | The function \code{print.selectEM} is the print method for the class{selectEM}, which is the output
| ^
Flavors: r-devel-linux-x86_64-debian-clang, r-devel-linux-x86_64-debian-gcc, r-devel-linux-x86_64-fedora-clang, r-devel-linux-x86_64-fedora-gcc, r-prerel-macos-arm64, r-prerel-windows-x86_64, r-patched-linux-x86_64