CRAN Package Check Results for Package mixedsde

Last updated on 2025-05-06 02:50:24 CEST.

Flavor Version Tinstall Tcheck Ttotal Status Flags
r-devel-linux-x86_64-debian-clang 5.0 12.17 100.05 112.22 NOTE
r-devel-linux-x86_64-debian-gcc 5.0 8.67 74.23 82.90 NOTE
r-devel-linux-x86_64-fedora-clang 5.0 179.27 OK
r-devel-linux-x86_64-fedora-gcc 5.0 173.74 OK
r-devel-windows-x86_64 5.0 13.00 104.00 117.00 OK
r-patched-linux-x86_64 5.0 13.55 98.42 111.97 OK
r-release-linux-x86_64 5.0 12.03 96.62 108.65 OK
r-release-macos-arm64 5.0 67.00 OK
r-release-macos-x86_64 5.0 96.00 OK
r-release-windows-x86_64 5.0 13.00 107.00 120.00 OK
r-oldrel-macos-arm64 5.0 67.00 OK
r-oldrel-macos-x86_64 5.0 78.00 OK
r-oldrel-windows-x86_64 5.0 17.00 129.00 146.00 OK

Check Details

Version: 5.0
Check: CRAN incoming feasibility
Result: NOTE Maintainer: ‘Charlotte Dion <charlotte.dion@upmc.fr>’ No Authors@R field in DESCRIPTION. Please add one, modifying Authors@R: c(person(given = "Charlotte", family = "Dion", role = c("aut", "cre"), email = "charlotte.dion@upmc.fr"), person(given = "Adeline", family = "Sansom", role = "aut"), person(given = "Simone", family = "Hermann", role = "aut")) as necessary. Flavors: r-devel-linux-x86_64-debian-clang, r-devel-linux-x86_64-debian-gcc