CRAN Package Check Results for Package mixexp

Last updated on 2022-07-03 01:48:59 CEST.

Flavor Version Tinstall Tcheck Ttotal Status Flags
r-devel-linux-x86_64-debian-clang 1.2.7 10.10 61.03 71.13 NOTE
r-devel-linux-x86_64-debian-gcc 1.2.7 7.44 46.74 54.18 NOTE
r-devel-linux-x86_64-fedora-clang 1.2.7 93.20 NOTE
r-devel-linux-x86_64-fedora-gcc 1.2.7 92.59 NOTE
r-devel-windows-x86_64 1.2.7 24.00 85.00 109.00 NOTE
r-patched-linux-x86_64 1.2.7 9.63 58.83 68.46 OK
r-release-linux-x86_64 1.2.7 8.89 58.39 67.28 OK
r-release-macos-arm64 1.2.7 30.00 OK
r-release-macos-x86_64 1.2.7 41.00 OK
r-release-windows-x86_64 1.2.7 20.00 92.00 112.00 OK
r-oldrel-macos-arm64 1.2.7 23.00 OK
r-oldrel-macos-x86_64 1.2.7 38.00 OK
r-oldrel-windows-ix86+x86_64 1.2.7 21.00 104.00 125.00 OK

Check Details

Version: 1.2.7
Check: Rd files
Result: NOTE
    checkRd: (-1) SLD.Rd:20: Escaped LaTeX specials: \&
Flavors: r-devel-linux-x86_64-debian-clang, r-devel-linux-x86_64-debian-gcc, r-devel-linux-x86_64-fedora-clang, r-devel-linux-x86_64-fedora-gcc, r-devel-windows-x86_64

Version: 1.2.7
Check: compiled code
Result: NOTE
    File ‘mixexp/libs/mixexp.so’:
     Found no calls to: ‘R_registerRoutines’, ‘R_useDynamicSymbols’
    
    It is good practice to register native routines and to disable symbol
    search.
    
    See ‘Writing portable packages’ in the ‘Writing R Extensions’ manual.
Flavors: r-devel-linux-x86_64-fedora-clang, r-devel-linux-x86_64-fedora-gcc