Last updated on 2022-08-12 01:50:07 CEST.
Flavor | Version | Tinstall | Tcheck | Ttotal | Status | Flags |
---|---|---|---|---|---|---|
r-devel-linux-x86_64-debian-clang | 1.2.0 | 6.07 | 81.32 | 87.39 | NOTE | |
r-devel-linux-x86_64-debian-gcc | 1.2.0 | 5.25 | 57.16 | 62.41 | NOTE | |
r-devel-linux-x86_64-fedora-clang | 1.2.0 | 108.76 | NOTE | |||
r-devel-linux-x86_64-fedora-gcc | 1.2.0 | 106.90 | NOTE | |||
r-devel-windows-x86_64 | 1.2.0 | 46.00 | 100.00 | 146.00 | NOTE | |
r-patched-linux-x86_64 | 1.2.0 | 7.91 | 74.75 | 82.66 | OK | |
r-release-linux-x86_64 | 1.2.0 | 5.91 | 75.09 | 81.00 | OK | |
r-release-macos-arm64 | 1.2.0 | 26.00 | OK | |||
r-release-macos-x86_64 | 1.2.0 | 40.00 | OK | |||
r-release-windows-x86_64 | 1.2.0 | 36.00 | 99.00 | 135.00 | OK | |
r-oldrel-macos-arm64 | 1.2.0 | 35.00 | OK | |||
r-oldrel-macos-x86_64 | 1.2.0 | 40.00 | OK | |||
r-oldrel-windows-ix86+x86_64 | 1.2.0 | 12.00 | 101.00 | 113.00 | OK |
Version: 1.2.0
Check: Rd files
Result: NOTE
checkRd: (-1) mixmeta-package.Rd:115: Escaped LaTeX specials: \&
checkRd: (-1) mixmeta.ml.Rd:56: Escaped LaTeX specials: \&
checkRd: (-1) ml.igls.Rd:62: Escaped LaTeX specials: \&
Flavors: r-devel-linux-x86_64-debian-clang, r-devel-linux-x86_64-debian-gcc, r-devel-linux-x86_64-fedora-clang, r-devel-linux-x86_64-fedora-gcc, r-devel-windows-x86_64
Version: 1.2.0
Check: Rd cross-references
Result: NOTE
Undeclared package ‘mvmeta’ in Rd xrefs
Flavor: r-devel-linux-x86_64-fedora-clang