Last updated on 2024-04-23 01:57:06 CEST.
Flavor | Version | Tinstall | Tcheck | Ttotal | Status | Flags |
---|---|---|---|---|---|---|
r-devel-linux-x86_64-debian-clang | 2.0.0 | 34.67 | 324.08 | 358.75 | NOTE | |
r-devel-linux-x86_64-debian-gcc | 2.0.0 | 26.38 | 228.56 | 254.94 | NOTE | |
r-devel-linux-x86_64-fedora-clang | 2.0.0 | 467.47 | NOTE | |||
r-devel-linux-x86_64-fedora-gcc | 2.0.0 | 457.71 | NOTE | |||
r-prerel-macos-arm64 | 2.0.0 | 111.00 | NOTE | |||
r-prerel-windows-x86_64 | 2.0.0 | 33.00 | 318.00 | 351.00 | NOTE | |
r-patched-linux-x86_64 | 2.0.0 | 34.27 | 305.36 | 339.63 | NOTE | |
r-release-linux-x86_64 | 2.0.0 | 24.49 | 314.55 | 339.04 | OK | |
r-release-macos-arm64 | 2.0.0 | 131.00 | OK | |||
r-release-macos-x86_64 | 2.0.0 | 240.00 | OK | |||
r-release-windows-x86_64 | 2.0.0 | 43.00 | 396.00 | 439.00 | OK | |
r-oldrel-macos-arm64 | 2.0.0 | 137.00 | OK | |||
r-oldrel-windows-x86_64 | 2.0.0 | 45.00 | 388.00 | 433.00 | OK |
Version: 2.0.0
Check: Rd files
Result: NOTE
checkRd: (-1) CO2data.Rd:14: Lost braces in \itemize; meant \describe ?
checkRd: (-1) CO2data.Rd:15: Lost braces in \itemize; meant \describe ?
checkRd: (-1) CO2data.Rd:16-17: Lost braces in \itemize; meant \describe ?
checkRd: (-1) NOdata.Rd:14: Lost braces in \itemize; meant \describe ?
checkRd: (-1) NOdata.Rd:15: Lost braces in \itemize; meant \describe ?
Flavors: r-devel-linux-x86_64-debian-clang, r-devel-linux-x86_64-debian-gcc, r-devel-linux-x86_64-fedora-clang, r-devel-linux-x86_64-fedora-gcc, r-prerel-macos-arm64, r-prerel-windows-x86_64, r-patched-linux-x86_64