CRAN Package Check Results for Package mixtools

Last updated on 2022-06-28 01:51:37 CEST.

Flavor Version Tinstall Tcheck Ttotal Status Flags
r-devel-linux-x86_64-debian-clang 1.2.0 28.24 242.57 270.81 NOTE
r-devel-linux-x86_64-debian-gcc 1.2.0 21.31 177.63 198.94 NOTE
r-devel-linux-x86_64-fedora-clang 1.2.0 330.12 NOTE
r-devel-linux-x86_64-fedora-gcc 1.2.0 328.56 NOTE
r-devel-windows-x86_64 1.2.0 97.00 349.00 446.00 NOTE
r-patched-linux-x86_64 1.2.0 30.22 231.01 261.23 OK
r-release-linux-x86_64 1.2.0 25.95 229.80 255.75 OK
r-release-macos-arm64 1.2.0 93.00 OK
r-release-macos-x86_64 1.2.0 131.00 OK
r-release-windows-x86_64 1.2.0 81.00 348.00 429.00 OK
r-oldrel-macos-arm64 1.2.0 118.00 OK
r-oldrel-macos-x86_64 1.2.0 200.00 OK
r-oldrel-windows-ix86+x86_64 1.2.0 59.00 418.00 477.00 OK

Check Details

Version: 1.2.0
Check: Rd files
Result: NOTE
    checkRd: (-1) RTdata2.Rd:3: Escaped LaTeX specials: \#
    checkRd: (-1) boot.comp.Rd:64: Escaped LaTeX specials: \&
    checkRd: (-1) boot.se.Rd:31: Escaped LaTeX specials: \&
    checkRd: (-1) compCDF.Rd:34: Escaped LaTeX specials: \&
    checkRd: (-1) hmeEM.Rd:57: Escaped LaTeX specials: \&
    checkRd: (-1) logisregmixEM.Rd:52: Escaped LaTeX specials: \&
    checkRd: (-1) multmixEM.Rd:50: Escaped LaTeX specials: \&
    checkRd: (-1) mvnormalmixEM.Rd:53: Escaped LaTeX specials: \&
    checkRd: (-1) normalmixEM.Rd:133: Escaped LaTeX specials: \&
    checkRd: (-1) normalmixEM2comp.Rd:55: Escaped LaTeX specials: \&
    checkRd: (-1) poisregmixEM.Rd:50: Escaped LaTeX specials: \&
    checkRd: (-1) regmixEM.Rd:67: Escaped LaTeX specials: \&
Flavors: r-devel-linux-x86_64-debian-clang, r-devel-linux-x86_64-debian-gcc, r-devel-linux-x86_64-fedora-clang, r-devel-linux-x86_64-fedora-gcc, r-devel-windows-x86_64