Last updated on 2024-03-28 01:54:03 CET.
Flavor | Version | Tinstall | Tcheck | Ttotal | Status | Flags |
---|---|---|---|---|---|---|
r-devel-linux-x86_64-debian-clang | 2.1.1 | 116.51 | 47.23 | 163.74 | OK | |
r-devel-linux-x86_64-debian-gcc | 2.1.1 | 76.86 | 36.33 | 113.19 | OK | |
r-devel-linux-x86_64-fedora-clang | 2.1.1 | 202.04 | OK | |||
r-devel-linux-x86_64-fedora-gcc | 2.1.1 | 206.93 | OK | |||
r-devel-windows-x86_64 | 2.1.1 | 71.00 | 87.00 | 158.00 | OK | |
r-patched-linux-x86_64 | 2.1.1 | 93.13 | 47.33 | 140.46 | OK | |
r-release-linux-x86_64 | 2.1.1 | 90.92 | 46.48 | 137.40 | OK | |
r-release-macos-arm64 | 2.1.1 | 63.00 | NOTE | |||
r-release-macos-x86_64 | 2.1.1 | 176.00 | NOTE | |||
r-release-windows-x86_64 | 2.1.1 | 88.00 | 98.00 | 186.00 | OK | |
r-oldrel-macos-arm64 | 2.1.1 | 61.00 | NOTE | |||
r-oldrel-windows-x86_64 | 2.1.1 | 81.00 | 95.00 | 176.00 | OK |
Version: 2.1.1
Check: installed package size
Result: NOTE
installed size is 11.8Mb
sub-directories of 1Mb or more:
libs 11.5Mb
Flavors: r-release-macos-arm64, r-release-macos-x86_64, r-oldrel-macos-arm64