Last updated on 2024-04-23 01:57:06 CEST.
Flavor | Version | Tinstall | Tcheck | Ttotal | Status | Flags |
---|---|---|---|---|---|---|
r-devel-linux-x86_64-debian-clang | 0.2.4 | 6.81 | 87.12 | 93.93 | NOTE | |
r-devel-linux-x86_64-debian-gcc | 0.2.4 | 5.67 | 64.94 | 70.61 | NOTE | |
r-devel-linux-x86_64-fedora-clang | 0.2.4 | 120.39 | NOTE | |||
r-devel-linux-x86_64-fedora-gcc | 0.2.4 | 129.68 | NOTE | |||
r-prerel-macos-arm64 | 0.2.4 | 38.00 | NOTE | |||
r-prerel-windows-x86_64 | 0.2.4 | 7.00 | 79.00 | 86.00 | NOTE | |
r-patched-linux-x86_64 | 0.2.4 | 8.93 | 83.45 | 92.38 | NOTE | |
r-release-linux-x86_64 | 0.2.4 | 6.85 | 81.73 | 88.58 | NOTE | |
r-release-macos-arm64 | 0.2.4 | 42.00 | NOTE | |||
r-release-macos-x86_64 | 0.2.4 | 64.00 | NOTE | |||
r-release-windows-x86_64 | 0.2.4 | 9.00 | 92.00 | 101.00 | NOTE | |
r-oldrel-macos-arm64 | 0.2.4 | 35.00 | NOTE | |||
r-oldrel-windows-x86_64 | 0.2.4 | 10.00 | 94.00 | 104.00 | NOTE |
Version: 0.2.4
Check: LazyData
Result: NOTE
'LazyData' is specified without a 'data' directory
Flavors: r-devel-linux-x86_64-debian-clang, r-devel-linux-x86_64-debian-gcc, r-devel-linux-x86_64-fedora-clang, r-devel-linux-x86_64-fedora-gcc, r-prerel-macos-arm64, r-prerel-windows-x86_64, r-patched-linux-x86_64, r-release-linux-x86_64, r-release-macos-arm64, r-release-macos-x86_64, r-release-windows-x86_64, r-oldrel-macos-arm64, r-oldrel-windows-x86_64