Last updated on 2024-04-19 01:58:49 CEST.
Flavor | Version | Tinstall | Tcheck | Ttotal | Status | Flags |
---|---|---|---|---|---|---|
r-devel-linux-x86_64-debian-clang | 0.4.3 | 6.94 | 85.91 | 92.85 | NOTE | |
r-devel-linux-x86_64-debian-gcc | 0.4.3 | 7.17 | 64.26 | 71.43 | NOTE | |
r-devel-linux-x86_64-fedora-clang | 0.4.3 | 117.35 | NOTE | |||
r-devel-linux-x86_64-fedora-gcc | 0.4.3 | 125.99 | NOTE | |||
r-prerel-macos-arm64 | 0.4.3 | 43.00 | NOTE | |||
r-prerel-windows-x86_64 | 0.4.3 | 9.00 | 96.00 | 105.00 | NOTE | |
r-patched-linux-x86_64 | 0.4.3 | 7.56 | 81.76 | 89.32 | NOTE | |
r-release-linux-x86_64 | 0.4.3 | 9.50 | 80.51 | 90.01 | OK | |
r-release-macos-arm64 | 0.4.3 | 45.00 | OK | |||
r-release-macos-x86_64 | 0.4.3 | 68.00 | OK | |||
r-release-windows-x86_64 | 0.4.3 | 11.00 | 108.00 | 119.00 | OK | |
r-oldrel-macos-arm64 | 0.4.3 | 37.00 | OK | |||
r-oldrel-windows-x86_64 | 0.4.3 | 12.00 | 109.00 | 121.00 | OK |
Version: 0.4.3
Check: Rd files
Result: NOTE
checkRd: (-1) mldrGUI.Rd:22-25: Lost braces in \itemize; meant \describe ?
checkRd: (-1) mldrGUI.Rd:26-28: Lost braces in \itemize; meant \describe ?
checkRd: (-1) mldrGUI.Rd:29: Lost braces in \itemize; meant \describe ?
checkRd: (-1) mldrGUI.Rd:30-31: Lost braces in \itemize; meant \describe ?
checkRd: (-1) mldrGUI.Rd:32-34: Lost braces in \itemize; meant \describe ?
Flavors: r-devel-linux-x86_64-debian-clang, r-devel-linux-x86_64-debian-gcc, r-devel-linux-x86_64-fedora-clang, r-devel-linux-x86_64-fedora-gcc, r-prerel-macos-arm64, r-prerel-windows-x86_64, r-patched-linux-x86_64