CRAN Package Check Results for Package mlr

Last updated on 2020-01-17 23:51:03 CET.

Flavor Version Tinstall Tcheck Ttotal Status Flags
r-devel-linux-x86_64-debian-clang 2.17.0 39.66 253.48 293.14 OK
r-devel-linux-x86_64-debian-gcc 2.17.0 33.31 189.07 222.38 NOTE
r-devel-linux-x86_64-fedora-clang 2.17.0 340.30 NOTE
r-devel-linux-x86_64-fedora-gcc 2.17.0 334.15 OK
r-devel-windows-ix86+x86_64 2.17.0 91.00 523.00 614.00 NOTE
r-devel-windows-ix86+x86_64-gcc8 2.17.0 69.00 491.00 560.00 NOTE
r-patched-linux-x86_64 2.17.0 33.24 216.53 249.77 OK
r-patched-solaris-x86 2.17.0 402.70 NOTE
r-release-linux-x86_64 2.17.0 32.01 220.79 252.80 OK
r-release-windows-ix86+x86_64 2.17.0 83.00 430.00 513.00 NOTE
r-release-osx-x86_64 2.17.0 NOTE
r-oldrel-windows-ix86+x86_64 2.17.0 49.00 379.00 428.00 NOTE
r-oldrel-osx-x86_64 2.17.0 NOTE

Check Details

Version: 2.17.0
Check: package dependencies
Result: NOTE
    Suggests orphaned packages:
     ‘clValid’ ‘flare’
Flavors: r-devel-linux-x86_64-debian-gcc, r-devel-linux-x86_64-fedora-clang

Version: 2.17.0
Check: installed package size
Result: NOTE
     installed size is 5.7Mb
     sub-directories of 1Mb or more:
     R 1.5Mb
     data 2.3Mb
     help 1.4Mb
Flavors: r-devel-linux-x86_64-fedora-clang, r-devel-windows-ix86+x86_64, r-devel-windows-ix86+x86_64-gcc8, r-patched-solaris-x86, r-release-windows-ix86+x86_64, r-release-osx-x86_64, r-oldrel-windows-ix86+x86_64, r-oldrel-osx-x86_64

Version: 2.17.0
Check: package dependencies
Result: NOTE
    Packages suggested but not available for checking:
     'FSelector', 'mlrMBO', 'RWeka', 'smoof'
Flavor: r-patched-solaris-x86

Version: 2.17.0
Check: Rd cross-references
Result: NOTE
    Package unavailable to check Rd xrefs: ‘mlrMBO’
Flavor: r-patched-solaris-x86

Version: 2.17.0
Check: dependencies in R code
Result: NOTE
    No protocol specified
Flavors: r-release-osx-x86_64, r-oldrel-osx-x86_64