Last updated on 2022-05-21 02:50:49 CEST.
Flavor | Version | Tinstall | Tcheck | Ttotal | Status | Flags |
---|---|---|---|---|---|---|
r-devel-linux-x86_64-debian-clang | 2.19.0 | 37.00 | 297.88 | 334.88 | NOTE | |
r-devel-linux-x86_64-debian-gcc | 2.19.0 | 31.14 | 218.52 | 249.66 | NOTE | |
r-devel-linux-x86_64-fedora-clang | 2.19.0 | 308.62 | NOTE | |||
r-devel-linux-x86_64-fedora-gcc | 2.19.0 | 358.62 | NOTE | |||
r-devel-windows-x86_64 | 2.19.0 | 314.00 | 358.00 | 672.00 | NOTE | |
r-patched-linux-x86_64 | 2.19.0 | 51.61 | 280.10 | 331.71 | NOTE | |
r-release-linux-x86_64 | 2.19.0 | 41.55 | 279.08 | 320.63 | NOTE | |
r-release-macos-arm64 | 2.19.0 | 94.00 | NOTE | |||
r-release-macos-x86_64 | 2.19.0 | 141.00 | NOTE | |||
r-release-windows-x86_64 | 2.19.0 | 275.00 | 354.00 | 629.00 | NOTE | |
r-oldrel-macos-arm64 | 2.19.0 | 105.00 | NOTE | |||
r-oldrel-macos-x86_64 | 2.19.0 | 254.00 | NOTE | |||
r-oldrel-windows-ix86+x86_64 | 2.19.0 | 76.00 | 420.00 | 496.00 | OK |
Version: 2.19.0
Check: package dependencies
Result: NOTE
Packages suggested but not available for checking:
'FDboost', 'rknn', 'rrlda'
Flavors: r-devel-linux-x86_64-debian-clang, r-devel-linux-x86_64-debian-gcc, r-devel-linux-x86_64-fedora-clang, r-devel-linux-x86_64-fedora-gcc, r-patched-linux-x86_64, r-release-linux-x86_64
Version: 2.19.0
Check: Rd cross-references
Result: NOTE
Unknown package 'FDboost' in Rd xrefs
Flavors: r-devel-linux-x86_64-debian-clang, r-devel-linux-x86_64-debian-gcc, r-devel-linux-x86_64-fedora-clang, r-devel-linux-x86_64-fedora-gcc, r-patched-linux-x86_64, r-release-linux-x86_64, r-release-macos-x86_64
Version: 2.19.0
Check: installed package size
Result: NOTE
installed size is 5.0Mb
sub-directories of 1Mb or more:
R 1.5Mb
data 2.3Mb
Flavors: r-devel-linux-x86_64-fedora-clang, r-release-macos-arm64, r-oldrel-macos-arm64
Version: 2.19.0
Check: package dependencies
Result: NOTE
Package suggested but not available for checking: 'rrlda'
Flavors: r-devel-windows-x86_64, r-release-windows-x86_64
Version: 2.19.0
Check: package dependencies
Result: NOTE
Packages suggested but not available for checking: 'Rmpi', 'rrlda'
Flavor: r-release-macos-arm64
Version: 2.19.0
Check: package dependencies
Result: NOTE
Packages suggested but not available for checking:
'FDboost', 'Rmpi', 'rrlda'
Flavor: r-release-macos-x86_64
Version: 2.19.0
Check: package dependencies
Result: NOTE
Package suggested but not available for checking: ‘Rmpi’
Flavors: r-oldrel-macos-arm64, r-oldrel-macos-x86_64