Last updated on 2022-06-27 01:49:56 CEST.
Flavor | Version | Tinstall | Tcheck | Ttotal | Status | Flags |
---|---|---|---|---|---|---|
r-devel-linux-x86_64-debian-clang | 0.6.0 | 2.18 | 26.03 | 28.21 | OK | |
r-devel-linux-x86_64-debian-gcc | 0.6.0 | 2.34 | 20.07 | 22.41 | OK | |
r-devel-linux-x86_64-fedora-clang | 0.6.0 | 45.94 | NOTE | |||
r-devel-linux-x86_64-fedora-gcc | 0.6.0 | 44.86 | OK | |||
r-devel-windows-x86_64 | 0.6.0 | 26.00 | 51.00 | 77.00 | OK | |
r-patched-linux-x86_64 | 0.6.0 | 2.30 | 25.14 | 27.44 | OK | |
r-release-linux-x86_64 | 0.6.0 | 2.74 | 25.13 | 27.87 | OK | |
r-release-macos-arm64 | 0.6.0 | 16.00 | OK | |||
r-release-macos-x86_64 | 0.6.0 | 24.00 | OK | |||
r-release-windows-x86_64 | 0.6.0 | 20.00 | 51.00 | 71.00 | OK | |
r-oldrel-macos-arm64 | 0.6.0 | 19.00 | OK | |||
r-oldrel-macos-x86_64 | 0.6.0 | 22.00 | OK | |||
r-oldrel-windows-ix86+x86_64 | 0.6.0 | 6.00 | 44.00 | 50.00 | OK |
Version: 0.6.0
Check: Rd cross-references
Result: NOTE
Undeclared package ‘palmerpenguins’ in Rd xrefs
Flavor: r-devel-linux-x86_64-fedora-clang