Last updated on 2024-04-26 01:53:15 CEST.
Flavor | Version | Tinstall | Tcheck | Ttotal | Status | Flags |
---|---|---|---|---|---|---|
r-devel-linux-x86_64-debian-clang | 0.15.0 | 7.69 | 79.09 | 86.78 | NOTE | |
r-devel-linux-x86_64-debian-gcc | 0.15.0 | 7.52 | 57.54 | 65.06 | NOTE | |
r-devel-linux-x86_64-fedora-clang | 0.15.0 | 114.53 | NOTE | |||
r-devel-linux-x86_64-fedora-gcc | 0.15.0 | 105.52 | NOTE | |||
r-devel-windows-x86_64 | 0.15.0 | 11.00 | 81.00 | 92.00 | NOTE | |
r-patched-linux-x86_64 | 0.15.0 | 13.54 | 74.75 | 88.29 | OK | |
r-release-linux-x86_64 | 0.15.0 | 11.31 | 72.80 | 84.11 | OK | |
r-release-macos-arm64 | 0.15.0 | 43.00 | OK | |||
r-release-macos-x86_64 | 0.15.0 | 85.00 | OK | |||
r-release-windows-x86_64 | 0.15.0 | 13.00 | 82.00 | 95.00 | OK | |
r-oldrel-macos-arm64 | 0.15.0 | 45.00 | OK | |||
r-oldrel-macos-x86_64 | 0.15.0 | 74.00 | OK | |||
r-oldrel-windows-x86_64 | 0.15.0 | 14.00 | 94.00 | 108.00 | OK |
Version: 0.15.0
Check: compiled code
Result: NOTE
File ‘mlr3misc/libs/mlr3misc.so’:
Found non-API call to R: ‘SETLENGTH’
Compiled code should not call non-API entry points in R.
See ‘Writing portable packages’ in the ‘Writing R Extensions’ manual.
Flavors: r-devel-linux-x86_64-debian-clang, r-devel-linux-x86_64-debian-gcc, r-devel-linux-x86_64-fedora-clang, r-devel-linux-x86_64-fedora-gcc
Version: 0.15.0
Check: compiled code
Result: NOTE
File 'mlr3misc/libs/x64/mlr3misc.dll':
Found non-API call to R: 'SETLENGTH'
Compiled code should not call non-API entry points in R.
See 'Writing portable packages' in the 'Writing R Extensions' manual.
Flavor: r-devel-windows-x86_64