CRAN Package Check Results for Package mlr3oml

Last updated on 2022-07-04 02:53:36 CEST.

Flavor Version Tinstall Tcheck Ttotal Status Flags
r-devel-linux-x86_64-debian-clang 0.5.0 8.48 56.17 64.65 NOTE
r-devel-linux-x86_64-debian-gcc 0.5.0 6.27 40.99 47.26 NOTE
r-devel-linux-x86_64-fedora-clang 0.5.0 88.33 NOTE
r-devel-linux-x86_64-fedora-gcc 0.5.0 85.37 NOTE
r-devel-windows-x86_64 0.5.0 25.00 85.00 110.00 OK
r-patched-linux-x86_64 0.5.0 10.30 53.02 63.32 NOTE
r-release-linux-x86_64 0.5.0 5.94 51.78 57.72 NOTE
r-release-macos-arm64 0.5.0 31.00 OK
r-release-macos-x86_64 0.5.0 38.00 OK
r-release-windows-x86_64 0.5.0 25.00 85.00 110.00 OK
r-oldrel-macos-arm64 0.5.0 29.00 OK
r-oldrel-macos-x86_64 0.5.0 37.00 OK
r-oldrel-windows-ix86+x86_64 0.5.0 20.00 110.00 130.00 OK

Check Details

Version: 0.5.0
Check: package dependencies
Result: NOTE
    Package suggested but not available for checking: 'mlr3proba'
Flavors: r-devel-linux-x86_64-debian-clang, r-devel-linux-x86_64-debian-gcc, r-devel-linux-x86_64-fedora-clang, r-devel-linux-x86_64-fedora-gcc, r-patched-linux-x86_64, r-release-linux-x86_64