CRAN Package Check Results for Package mlr3pipelines

Last updated on 2022-05-24 01:49:57 CEST.

Flavor Version Tinstall Tcheck Ttotal Status Flags
r-devel-linux-x86_64-debian-clang 0.4.1 34.61 558.81 593.42 OK
r-devel-linux-x86_64-debian-gcc 0.4.1 26.28 400.39 426.67 OK
r-devel-linux-x86_64-fedora-clang 0.4.1 669.86 NOTE
r-devel-linux-x86_64-fedora-gcc 0.4.1 653.67 OK
r-devel-windows-x86_64 0.4.1 309.00 469.00 778.00 OK
r-patched-linux-x86_64 0.4.1 45.79 514.79 560.58 OK
r-release-linux-x86_64 0.4.1 OK
r-release-macos-arm64 0.4.1 156.00 OK
r-release-macos-x86_64 0.4.1 173.00 OK
r-release-windows-x86_64 0.4.1 337.00 446.00 783.00 OK
r-oldrel-macos-arm64 0.4.1 149.00 OK
r-oldrel-macos-x86_64 0.4.1 162.00 OK
r-oldrel-windows-ix86+x86_64 0.4.1 54.00 462.00 516.00 OK

Check Details

Version: 0.4.1
Check: Rd cross-references
Result: NOTE
    Undeclared package ‘htmlwidgets’ in Rd xrefs
Flavor: r-devel-linux-x86_64-fedora-clang