Last updated on 2024-08-16 01:48:23 CEST.
Flavor | Version | Tinstall | Tcheck | Ttotal | Status | Flags |
---|---|---|---|---|---|---|
r-devel-linux-x86_64-debian-clang | 0.5.0 | 27.75 | 300.38 | 328.13 | NOTE | |
r-devel-linux-x86_64-debian-gcc | 0.5.0 | 17.17 | 196.68 | 213.85 | NOTE | |
r-devel-linux-x86_64-fedora-clang | 0.5.0 | 528.30 | OK | |||
r-devel-linux-x86_64-fedora-gcc | 0.5.0 | 502.37 | OK | |||
r-devel-windows-x86_64 | 0.5.0 | 23.00 | 234.00 | 257.00 | NOTE | |
r-patched-linux-x86_64 | 0.5.0 | 27.53 | 286.20 | 313.73 | OK | |
r-release-linux-x86_64 | 0.5.0 | 23.37 | 296.15 | 319.52 | OK | |
r-release-macos-arm64 | 0.5.0 | 119.00 | OK | |||
r-release-macos-x86_64 | 0.5.0 | 200.00 | OK | |||
r-release-windows-x86_64 | 0.5.0 | 24.00 | 236.00 | 260.00 | OK | |
r-oldrel-macos-arm64 | 0.5.0 | 137.00 | OK | |||
r-oldrel-macos-x86_64 | 0.5.0 | 330.00 | OK | |||
r-oldrel-windows-x86_64 | 0.5.0 | 31.00 | 340.00 | 371.00 | OK |
Version: 0.5.0
Check: Rd cross-references
Result: NOTE
Found the following Rd file(s) with Rd \link{} targets missing package
anchors:
TaskClassifST.Rd: TaskClassif, DataBackend, DataBackendDataTable,
convert_task
TaskRegrST.Rd: TaskRegr, DataBackend, DataBackendDataTable,
convert_task
as_data_backend.Rd: DataBackend
as_task_classif_st.Rd: DataBackend, TaskRegr, convert_task
as_task_regr_st.Rd: DataBackend, TaskClassif, convert_task
predict_spatial.Rd: Learner
Please provide package anchors for all Rd \link{} targets not in the
package itself and the base packages.
Flavors: r-devel-linux-x86_64-debian-clang, r-devel-linux-x86_64-debian-gcc, r-devel-windows-x86_64