Last updated on 2025-04-30 01:50:27 CEST.
Flavor | Version | Tinstall | Tcheck | Ttotal | Status | Flags |
---|---|---|---|---|---|---|
r-devel-linux-x86_64-debian-clang | 0.2.1 | 53.78 | 305.04 | 358.82 | NOTE | |
r-devel-linux-x86_64-debian-gcc | 0.2.1 | 30.56 | 203.95 | 234.51 | NOTE | |
r-devel-linux-x86_64-fedora-clang | 0.2.1 | 561.84 | OK | |||
r-devel-linux-x86_64-fedora-gcc | 0.2.1 | 548.50 | OK | |||
r-devel-windows-x86_64 | 0.2.1 | 48.00 | 332.00 | 380.00 | OK | |
r-patched-linux-x86_64 | 0.2.1 | 62.25 | 284.61 | 346.86 | OK | |
r-release-linux-x86_64 | 0.2.1 | 51.21 | 286.55 | 337.76 | OK | |
r-release-macos-arm64 | 0.2.1 | 142.00 | OK | |||
r-release-macos-x86_64 | 0.2.1 | 290.00 | OK | |||
r-release-windows-x86_64 | 0.2.1 | 50.00 | 326.00 | 376.00 | OK | |
r-oldrel-macos-arm64 | 0.2.1 | 113.00 | OK | |||
r-oldrel-macos-x86_64 | 0.2.1 | 229.00 | OK | |||
r-oldrel-windows-x86_64 | 0.2.1 | 61.00 | 416.00 | 477.00 | OK |
Version: 0.2.1
Check: examples
Result: NOTE
Examples with CPU (user + system) or elapsed time > 5s
user system elapsed
mlr_callback_set.progress 5.782 0.112 9.841
mlr_callback_set.checkpoint 4.209 0.145 7.679
mlr_callback_set.history 3.403 0.086 5.048
Flavor: r-devel-linux-x86_64-debian-clang
Version: 0.2.1
Check: examples
Result: NOTE
Examples with CPU (user + system) or elapsed time > 5s
user system elapsed
mlr_callback_set.progress 4.303 0.166 6.301
Flavor: r-devel-linux-x86_64-debian-gcc