CRAN Package Check Results for Package mlrCPO

Last updated on 2022-06-26 01:48:54 CEST.

Flavor Version Tinstall Tcheck Ttotal Status Flags
r-devel-linux-x86_64-debian-clang 0.3.7-3 32.06 378.37 410.43 OK
r-devel-linux-x86_64-debian-gcc 0.3.7-3 25.56 273.90 299.46 ERROR
r-devel-linux-x86_64-fedora-clang 0.3.7-3 356.99 ERROR
r-devel-linux-x86_64-fedora-gcc 0.3.7-3 504.12 ERROR
r-devel-windows-x86_64 0.3.7-3 118.00 448.00 566.00 OK
r-patched-linux-x86_64 0.3.7-3 48.37 354.11 402.48 ERROR
r-release-linux-x86_64 0.3.7-3 28.31 354.76 383.07 ERROR
r-release-macos-arm64 0.3.7-3 135.00 OK
r-release-macos-x86_64 0.3.7-3 225.00 NOTE
r-release-windows-x86_64 0.3.7-3 116.00 445.00 561.00 OK
r-oldrel-macos-arm64 0.3.7-3 139.00 OK
r-oldrel-macos-x86_64 0.3.7-3 176.00 OK
r-oldrel-windows-ix86+x86_64 0.3.7-3 55.00 465.00 520.00 OK

Check Details

Version: 0.3.7-3
Check: package dependencies
Result: NOTE
    Package suggested but not available for checking: ‘DiscriMiner’
Flavors: r-devel-linux-x86_64-debian-gcc, r-devel-linux-x86_64-fedora-clang, r-devel-linux-x86_64-fedora-gcc, r-patched-linux-x86_64, r-release-linux-x86_64

Version: 0.3.7-3
Check: re-building of vignette outputs
Result: ERROR
    Error(s) in re-building vignettes:
     ...
    --- re-building ‘a_1_getting_started.Rmd’ using rmarkdown
    --- finished re-building ‘a_1_getting_started.Rmd’
    
    --- re-building ‘a_2_mlrCPO_core.Rmd’ using rmarkdown
    Quitting from lines 436-437 (a_2_mlrCPO_core.Rmd)
    Error: processing vignette ‘a_2_mlrCPO_core.Rmd’ failed with diagnostics:
    For learner classif.geoDA please install the following packages: DiscriMiner
    --- failed re-building ‘a_2_mlrCPO_core.Rmd’
    
    --- re-building ‘a_3_all_CPOs.Rmd’ using rmarkdown
    --- finished re-building ‘a_3_all_CPOs.Rmd’
    
    --- re-building ‘a_4_custom_CPOs.Rmd’ using rmarkdown
    --- finished re-building ‘a_4_custom_CPOs.Rmd’
    
    --- re-building ‘z_1_getting_started_terse.Rmd’ using rmarkdown
    --- finished re-building ‘z_1_getting_started_terse.Rmd’
    
    --- re-building ‘z_2_mlrCPO_core_terse.Rmd’ using rmarkdown
    --- finished re-building ‘z_2_mlrCPO_core_terse.Rmd’
    
    --- re-building ‘z_3_all_CPOs_terse.Rmd’ using rmarkdown
    --- finished re-building ‘z_3_all_CPOs_terse.Rmd’
    
    --- re-building ‘z_4_custom_CPOs_terse.Rmd’ using rmarkdown
    --- finished re-building ‘z_4_custom_CPOs_terse.Rmd’
    
    SUMMARY: processing the following file failed:
     ‘a_2_mlrCPO_core.Rmd’
    
    Error: Vignette re-building failed.
    Execution halted
Flavors: r-devel-linux-x86_64-debian-gcc, r-patched-linux-x86_64, r-release-linux-x86_64

Version: 0.3.7-3
Check: re-building of vignette outputs
Result: ERROR
    Error(s) in re-building vignettes:
    --- re-building ‘a_1_getting_started.Rmd’ using rmarkdown
    --- finished re-building ‘a_1_getting_started.Rmd’
    
    --- re-building ‘a_2_mlrCPO_core.Rmd’ using rmarkdown
    Quitting from lines 436-437 (a_2_mlrCPO_core.Rmd)
    Error: processing vignette 'a_2_mlrCPO_core.Rmd' failed with diagnostics:
    For learner classif.geoDA please install the following packages: DiscriMiner
    --- failed re-building ‘a_2_mlrCPO_core.Rmd’
    
    --- re-building ‘a_3_all_CPOs.Rmd’ using rmarkdown
    --- finished re-building ‘a_3_all_CPOs.Rmd’
    
    --- re-building ‘a_4_custom_CPOs.Rmd’ using rmarkdown
    --- finished re-building ‘a_4_custom_CPOs.Rmd’
    
    --- re-building ‘z_1_getting_started_terse.Rmd’ using rmarkdown
    --- finished re-building ‘z_1_getting_started_terse.Rmd’
    
    --- re-building ‘z_2_mlrCPO_core_terse.Rmd’ using rmarkdown
    --- finished re-building ‘z_2_mlrCPO_core_terse.Rmd’
    
    --- re-building ‘z_3_all_CPOs_terse.Rmd’ using rmarkdown
    --- finished re-building ‘z_3_all_CPOs_terse.Rmd’
    
    --- re-building ‘z_4_custom_CPOs_terse.Rmd’ using rmarkdown
    --- finished re-building ‘z_4_custom_CPOs_terse.Rmd’
    
    SUMMARY: processing the following file failed:
     ‘a_2_mlrCPO_core.Rmd’
    
    Error: Vignette re-building failed.
    Execution halted
Flavors: r-devel-linux-x86_64-fedora-clang, r-devel-linux-x86_64-fedora-gcc

Version: 0.3.7-3
Check: package dependencies
Result: NOTE
    Package suggested but not available for checking: ‘FSelector’
Flavor: r-release-macos-x86_64